{"id":683,"date":"2023-03-03T16:21:47","date_gmt":"2023-03-03T15:21:47","guid":{"rendered":"https:\/\/evenements.infopro-digital.com\/lemoniteur\/actu-formations\/?page_id=683"},"modified":"2026-03-12T16:23:35","modified_gmt":"2026-03-12T15:23:35","slug":"prise-en-charge-des-situations-de-handicap","status":"publish","type":"page","link":"https:\/\/evenements.infopro-digital.com\/lemoniteur\/actu-formations\/qui-sommes-nous\/prise-en-charge-des-situations-de-handicap\/","title":{"rendered":"Prise en charge des personnes en situation de handicap"},"content":{"rendered":"<div  class=\"strate alignfull has-background-color-opacity-100\" style=\" background-position: 50% 50%;\"><div class=\"centrage\">\n<section style=\"\" class=\"media-text       media-text--img-30  media-text--content-align-vertical-middle media-text--media-align-vertical-middle   media-text--img-cover\" ><div class=\"centrage media-text__layout\"><figure class=\"media-text__media\" style=\"background-image: url(https:\/\/evenements.infopro-digital.com\/lemoniteur\/actu-formations\/\/app\/uploads\/sites\/2\/2023\/03\/handicap.png); background-position: 50% 50%; \"><img loading=\"lazy\" src=\"https:\/\/evenements.infopro-digital.com\/lemoniteur\/actu-formations\/\/app\/uploads\/sites\/2\/2023\/03\/handicap.png\" width=\"400\" height=\"250\" alt=\"\" style=\"\" \/><\/figure><div class=\"media-text__content\">\n\n<p class=\"has-medium-font-size\">Notre organisme de formation Le Moniteur est tr\u00e8s sensible aux politiques en faveur de l\u2019emploi des personnes en situation d\u2019handicap.<\/p>\n\n\n\n<p class=\"has-medium-font-size\">En tant qu\u2019acteur de la formation, ces actions vont au-del\u00e0 du catalogue propos\u00e9. Nous nous engageons \u00e0 garantir un bon accompagnement et \u00e0 faciliter l&rsquo;acc\u00e8s \u00e0 la formation \u00e0 des publics en situation d\u2019handicap.<\/p>\n\n<\/div><\/div><\/section>\n\n<hr class=\"separator separator--center separator--line has-white-separator-color separator--thickness-10 separator--md\"\/>\n\n<section style=\"\" class=\"media-text       media-text--img-40  media-text--content-align-vertical-middle media-text--media-align-vertical-middle  media-text--img-right media-text--img-contain\" ><div class=\"centrage media-text__layout\"><figure class=\"media-text__media\"><img loading=\"lazy\" src=\"https:\/\/evenements.infopro-digital.com\/lemoniteur\/actu-formations\/\/app\/uploads\/sites\/2\/2023\/03\/handicap-1.png\" width=\"400\" height=\"250\" alt=\"\" style=\"\" \/><\/figure><div class=\"media-text__content\">\n\n<p class=\"has-text-align-center has-color-1-color has-text-color\" style=\"font-size:30px\"><span><b>Le Moniteur Formation met tout en <\/b><\/span><strong><strong>\u0153uvre pour accueillir au mieux les personnes en situation de handicap<\/strong><\/strong><\/p>\n\n<\/div><\/div><\/section>\n\n<hr class=\"separator separator--center separator--line has-white-separator-color separator--thickness-10 separator--md\"\/>\n\n<section style=\"\" class=\"media-text       media-text--img-30  media-text--content-align-vertical-middle media-text--media-align-vertical-middle   media-text--img-cover\" ><div class=\"centrage media-text__layout\"><figure class=\"media-text__media\" style=\"background-image: url(https:\/\/evenements.infopro-digital.com\/lemoniteur\/actu-formations\/\/app\/uploads\/sites\/2\/2023\/03\/handicap-3.png); background-position: 13% 49%; \"><img loading=\"lazy\" src=\"https:\/\/evenements.infopro-digital.com\/lemoniteur\/actu-formations\/\/app\/uploads\/sites\/2\/2023\/03\/handicap-3.png\" width=\"250\" height=\"400\" alt=\"\" style=\"\" \/><\/figure><div class=\"media-text__content\">\n\n<p class=\"has-color-2-color has-text-color has-medium-font-size\"><strong>Plusieurs actions sont men\u00e9es afin de garantir l\u2019accueil des personnes en situation de handicap&nbsp;:<\/strong><\/p>\n\n\n\n<p class=\"has-medium-font-size\">&#8211; Le r\u00e9f\u00e9rent Handicap<strong> <\/strong>de l\u2019organisme de formation est en contact avec le r\u00e9seau des r\u00e9f\u00e9rents Handicap du groupe permettant l\u2019<strong>analyse des besoins<\/strong> en \u00e9quipements et les am\u00e9nagements de postes.<\/p>\n\n\n\n<p class=\"has-medium-font-size\"><strong>&#8211; Toutes nos salles de formation ont un acc\u00e8s PMR<\/strong> et r\u00e9pondent aux normes \u00e9lectriques, aux normes d&rsquo;hygi\u00e8ne et s\u00e9curit\u00e9 et aux normes d&rsquo;accessibilit\u00e9 des travailleurs avec un handicap.<\/p>\n\n\n\n<p class=\"has-medium-font-size\">&#8211; Nous cherchons syst\u00e9matiquement <strong>une solution pour accueillir les personnes en situation de handicap<\/strong> et ce, quelle que soit la forme du handicap (auditif, visuel, moteur\u2026). Contactez le r\u00e9f\u00e9rent handicap pour plus d&rsquo;informations.<\/p>\n\n\n\n<p class=\"has-medium-font-size\">&#8211; Conform\u00e9ment \u00e0 l\u2019<strong>accord handicap Groupe<\/strong>, nous tissons des liens de plus en plus forts avec des soci\u00e9t\u00e9s sp\u00e9cialis\u00e9es dans la formation et dans l&rsquo;accompagnement adapt\u00e9 aux personnes en situation de handicap.<\/p>\n\n\n\n<p class=\"has-medium-font-size\">&#8211; Sur demande, nous pouvons utiliser des <strong>\u00e9crans de grandes tailles<\/strong> et pouvons disposer <strong>d&rsquo;affichages en gros caract\u00e8res<\/strong> pour les personnes d\u00e9ficientes visuelles.<\/p>\n\n\n\n<p class=\"has-medium-font-size\">&#8211; Si besoin, nous pouvons accorder un <strong>d\u00e9lai suppl\u00e9mentaire<\/strong> pour passer certaines \u00e9preuves.<\/p>\n\n<\/div><\/div><\/section>\n\n<hr class=\"separator separator--center separator--line has-white-separator-color separator--thickness-1 separator--md\"\/>\n\n<section style=\"\" class=\"media-text       media-text--img-50  media-text--content-align-vertical-middle media-text--media-align-vertical-middle  media-text--img-right media-text--img-contain\" ><div class=\"centrage media-text__layout\"><figure class=\"media-text__media\"><img loading=\"lazy\" src=\"https:\/\/evenements.infopro-digital.com\/lemoniteur\/actu-formations\/\/app\/uploads\/sites\/2\/2023\/03\/handicap-250-\u00d7-400-px.png\" width=\"250\" height=\"400\" alt=\"\" style=\"\" \/><\/figure><div class=\"media-text__content\">\n\n<p class=\"has-color-2-color has-text-color has-medium-font-size\"><br><strong>Faciliter l\u2019acc\u00e8s et les d\u00e9placements&nbsp;<\/strong>: <\/p>\n\n\n\n<p class=\"has-medium-font-size\">Nos centres de formation r\u00e9pondent aux normes&nbsp;PMR et garantissent ainsi l\u2019acc\u00e8s aux personnes \u00e0 mobilit\u00e9 r\u00e9duite (ascenseurs, taille des lieux de passages, acc\u00e8s aux sanitaires, salles de pauses, salles de formation).<\/p>\n\n\n\n<p class=\"has-medium-font-size\">Lors de la s\u00e9lection de nos locations de salles ext\u00e9rieures, nous nous assurons qu\u2019elles soient facilement accessibles en transports en commun et qu\u2019elles offrent aux alentours des commerces et services.<\/p>\n\n<\/div><\/div><\/section>\n\n<hr class=\"separator separator--center separator--line has-white-separator-color separator--thickness-1 separator--md\"\/>\n\n\n<p class=\"has-color-1-color has-text-color\" style=\"font-size:30px\"><strong>Echanger sur votre handicap avec notre \u00e9quipe r\u00e9f\u00e9rente pour pr\u00e9parer votre formation<\/strong><\/p>\n\n\n\n<p class=\"has-medium-font-size\">Pour toute demande de prise en charge particuli\u00e8re de votre handicap, n\u2019h\u00e9sitez pas \u00e0 nous contacter \u00e0 l\u2019adresse mail <a href=\"bWFpbHRvOmZvcm1hdGlvbnNAbGVtb25pdGV1ci5mcg==\" data-protectedlink=\"1\">formations@lemoniteur.fr<\/a> au moins 4 semaines avant le d\u00e9but de la date souhait\u00e9e de formation pour que l\u2019on puisse prendre les dispositions n\u00e9cessaires et ad\u00e9quates.<\/p>\n\n\n<hr class=\"separator separator--center separator--line has-white-separator-color separator--thickness-10 separator--md\"\/>\n\n\n<div class=\"has-2-columns wp-block-columns has-white-color has-color-2-background-color has-text-color has-background\">\n<div class=\" wp-block-column\" style=\"flex-basis:66.66%\">\n<p class=\"has-medium-font-size\">Vous souhaitez en savoir + sur notre d\u00e9marche qualit\u00e9 ? <br>Contactez-nous.<\/p>\n<\/div>\n\n\n\n<div class=\" wp-block-column\" style=\"flex-basis:33.33%\"><div class=\"bttn-align-center\"><a href=\"https:\/\/evenements.infopro-digital.com\/lemoniteur\/contact\/type\/2#\/\" target=\"_self\" class=\"bttn is-style-default bttn--icon  bttn--md\"><span class=\"bttn__cont-label-icon\"><span class=\"bttn__label\">En savoir plus <\/span><svg role=\"img\" aria-hidden=\"true\" viewBox=\"0 0 16 16\"><use href=\"#icon-enveloppe\" class=\"icon__unicolor\" \/><\/svg><\/span><\/a><\/div><\/div>\n<\/div>\n\n<\/div><\/div>","protected":false},"excerpt":{"rendered":"","protected":false},"author":10,"featured_media":0,"parent":237,"menu_order":0,"comment_status":"closed","ping_status":"closed","template":"","meta":[],"yoast_head":"<!-- This site is optimized with the Yoast SEO plugin v18.9 - https:\/\/yoast.com\/wordpress\/plugins\/seo\/ -->\n<title>Prise en charge des personnes en situation de handicap - Formation Lemoniteur<\/title>\n<meta name=\"robots\" content=\"index, follow, max-snippet:-1, max-image-preview:large, max-video-preview:-1\" \/>\n<link rel=\"canonical\" href=\"https:\/\/evenements.infopro-digital.com\/lemoniteur\/actu-formations\/qui-sommes-nous\/prise-en-charge-des-situations-de-handicap\/\" \/>\n<meta property=\"og:locale\" content=\"fr_FR\" \/>\n<meta property=\"og:type\" content=\"article\" \/>\n<meta property=\"og:title\" content=\"Prise en charge des personnes en situation de handicap - Formation Lemoniteur\" \/>\n<meta property=\"og:url\" content=\"https:\/\/evenements.infopro-digital.com\/lemoniteur\/actu-formations\/qui-sommes-nous\/prise-en-charge-des-situations-de-handicap\/\" \/>\n<meta property=\"og:site_name\" content=\"Formation Lemoniteur\" \/>\n<meta property=\"article:modified_time\" content=\"2026-03-12T15:23:35+00:00\" \/>\n<meta name=\"twitter:card\" content=\"summary_large_image\" \/>\n<meta name=\"twitter:label1\" content=\"Est. reading time\" \/>\n\t<meta name=\"twitter:data1\" content=\"2 minutes\" \/>\n<script type=\"application\/ld+json\" class=\"yoast-schema-graph\">{\"@context\":\"https:\/\/schema.org\",\"@graph\":[{\"@type\":\"WebSite\",\"@id\":\"https:\/\/evenements.infopro-digital.com\/lemoniteur\/actu-formations\/#website\",\"url\":\"https:\/\/evenements.infopro-digital.com\/lemoniteur\/actu-formations\/\",\"name\":\"Formation Lemoniteur\",\"description\":\"Un site utilisant Les sites de Formation argus\",\"potentialAction\":[{\"@type\":\"SearchAction\",\"target\":{\"@type\":\"EntryPoint\",\"urlTemplate\":\"https:\/\/evenements.infopro-digital.com\/lemoniteur\/actu-formations\/?s={search_term_string}\"},\"query-input\":\"required name=search_term_string\"}],\"inLanguage\":\"fr-FR\"},{\"@type\":\"WebPage\",\"@id\":\"https:\/\/evenements.infopro-digital.com\/lemoniteur\/actu-formations\/qui-sommes-nous\/prise-en-charge-des-situations-de-handicap\/#webpage\",\"url\":\"https:\/\/evenements.infopro-digital.com\/lemoniteur\/actu-formations\/qui-sommes-nous\/prise-en-charge-des-situations-de-handicap\/\",\"name\":\"Prise en charge des personnes en situation de handicap - Formation Lemoniteur\",\"isPartOf\":{\"@id\":\"https:\/\/evenements.infopro-digital.com\/lemoniteur\/actu-formations\/#website\"},\"datePublished\":\"2023-03-03T15:21:47+00:00\",\"dateModified\":\"2026-03-12T15:23:35+00:00\",\"breadcrumb\":{\"@id\":\"https:\/\/evenements.infopro-digital.com\/lemoniteur\/actu-formations\/qui-sommes-nous\/prise-en-charge-des-situations-de-handicap\/#breadcrumb\"},\"inLanguage\":\"fr-FR\",\"potentialAction\":[{\"@type\":\"ReadAction\",\"target\":[\"https:\/\/evenements.infopro-digital.com\/lemoniteur\/actu-formations\/qui-sommes-nous\/prise-en-charge-des-situations-de-handicap\/\"]}]},{\"@type\":\"BreadcrumbList\",\"@id\":\"https:\/\/evenements.infopro-digital.com\/lemoniteur\/actu-formations\/qui-sommes-nous\/prise-en-charge-des-situations-de-handicap\/#breadcrumb\",\"itemListElement\":[{\"@type\":\"ListItem\",\"position\":1,\"name\":\"Accueil\",\"item\":\"https:\/\/evenements.infopro-digital.com\/lemoniteur\/actu-formations\/\"},{\"@type\":\"ListItem\",\"position\":2,\"name\":\"Qui sommes-nous ?\",\"item\":\"https:\/\/evenements.infopro-digital.com\/lemoniteur\/actu-formations\/qui-sommes-nous\/\"},{\"@type\":\"ListItem\",\"position\":3,\"name\":\"Prise en charge des personnes en situation de handicap\"}]}]}<\/script>\n<!-- \/ Yoast SEO plugin. -->","yoast_head_json":{"title":"Prise en charge des personnes en situation de handicap - Formation Lemoniteur","robots":{"index":"index","follow":"follow","max-snippet":"max-snippet:-1","max-image-preview":"max-image-preview:large","max-video-preview":"max-video-preview:-1"},"canonical":"https:\/\/evenements.infopro-digital.com\/lemoniteur\/actu-formations\/qui-sommes-nous\/prise-en-charge-des-situations-de-handicap\/","og_locale":"fr_FR","og_type":"article","og_title":"Prise en charge des personnes en situation de handicap - Formation Lemoniteur","og_url":"https:\/\/evenements.infopro-digital.com\/lemoniteur\/actu-formations\/qui-sommes-nous\/prise-en-charge-des-situations-de-handicap\/","og_site_name":"Formation Lemoniteur","article_modified_time":"2026-03-12T15:23:35+00:00","twitter_card":"summary_large_image","twitter_misc":{"Est. reading time":"2 minutes"},"schema":{"@context":"https:\/\/schema.org","@graph":[{"@type":"WebSite","@id":"https:\/\/evenements.infopro-digital.com\/lemoniteur\/actu-formations\/#website","url":"https:\/\/evenements.infopro-digital.com\/lemoniteur\/actu-formations\/","name":"Formation Lemoniteur","description":"Un site utilisant Les sites de Formation argus","potentialAction":[{"@type":"SearchAction","target":{"@type":"EntryPoint","urlTemplate":"https:\/\/evenements.infopro-digital.com\/lemoniteur\/actu-formations\/?s={search_term_string}"},"query-input":"required name=search_term_string"}],"inLanguage":"fr-FR"},{"@type":"WebPage","@id":"https:\/\/evenements.infopro-digital.com\/lemoniteur\/actu-formations\/qui-sommes-nous\/prise-en-charge-des-situations-de-handicap\/#webpage","url":"https:\/\/evenements.infopro-digital.com\/lemoniteur\/actu-formations\/qui-sommes-nous\/prise-en-charge-des-situations-de-handicap\/","name":"Prise en charge des personnes en situation de handicap - Formation Lemoniteur","isPartOf":{"@id":"https:\/\/evenements.infopro-digital.com\/lemoniteur\/actu-formations\/#website"},"datePublished":"2023-03-03T15:21:47+00:00","dateModified":"2026-03-12T15:23:35+00:00","breadcrumb":{"@id":"https:\/\/evenements.infopro-digital.com\/lemoniteur\/actu-formations\/qui-sommes-nous\/prise-en-charge-des-situations-de-handicap\/#breadcrumb"},"inLanguage":"fr-FR","potentialAction":[{"@type":"ReadAction","target":["https:\/\/evenements.infopro-digital.com\/lemoniteur\/actu-formations\/qui-sommes-nous\/prise-en-charge-des-situations-de-handicap\/"]}]},{"@type":"BreadcrumbList","@id":"https:\/\/evenements.infopro-digital.com\/lemoniteur\/actu-formations\/qui-sommes-nous\/prise-en-charge-des-situations-de-handicap\/#breadcrumb","itemListElement":[{"@type":"ListItem","position":1,"name":"Accueil","item":"https:\/\/evenements.infopro-digital.com\/lemoniteur\/actu-formations\/"},{"@type":"ListItem","position":2,"name":"Qui sommes-nous ?","item":"https:\/\/evenements.infopro-digital.com\/lemoniteur\/actu-formations\/qui-sommes-nous\/"},{"@type":"ListItem","position":3,"name":"Prise en charge des personnes en situation de handicap"}]}]}},"_links":{"self":[{"href":"https:\/\/evenements.infopro-digital.com\/lemoniteur\/actu-formations\/wp-json\/wp\/v2\/pages\/683"}],"collection":[{"href":"https:\/\/evenements.infopro-digital.com\/lemoniteur\/actu-formations\/wp-json\/wp\/v2\/pages"}],"about":[{"href":"https:\/\/evenements.infopro-digital.com\/lemoniteur\/actu-formations\/wp-json\/wp\/v2\/types\/page"}],"author":[{"embeddable":true,"href":"https:\/\/evenements.infopro-digital.com\/lemoniteur\/actu-formations\/wp-json\/wp\/v2\/users\/10"}],"replies":[{"embeddable":true,"href":"https:\/\/evenements.infopro-digital.com\/lemoniteur\/actu-formations\/wp-json\/wp\/v2\/comments?post=683"}],"version-history":[{"count":6,"href":"https:\/\/evenements.infopro-digital.com\/lemoniteur\/actu-formations\/wp-json\/wp\/v2\/pages\/683\/revisions"}],"predecessor-version":[{"id":1199,"href":"https:\/\/evenements.infopro-digital.com\/lemoniteur\/actu-formations\/wp-json\/wp\/v2\/pages\/683\/revisions\/1199"}],"up":[{"embeddable":true,"href":"https:\/\/evenements.infopro-digital.com\/lemoniteur\/actu-formations\/wp-json\/wp\/v2\/pages\/237"}],"wp:attachment":[{"href":"https:\/\/evenements.infopro-digital.com\/lemoniteur\/actu-formations\/wp-json\/wp\/v2\/media?parent=683"}],"curies":[{"name":"wp","href":"https:\/\/api.w.org\/{rel}","templated":true}]}}