{"id":263,"date":"2022-04-12T15:17:10","date_gmt":"2022-04-12T13:17:10","guid":{"rendered":"https:\/\/evenements.infopro-digital.com\/gazette-des-communes\/actu-formations\/?page_id=263"},"modified":"2026-03-23T15:32:41","modified_gmt":"2026-03-23T14:32:41","slug":"qui-sommes-nous","status":"publish","type":"page","link":"https:\/\/evenements.infopro-digital.com\/gazette-des-communes\/actu-formations\/qui-sommes-nous\/","title":{"rendered":"Qui sommes-nous ?"},"content":{"rendered":"<div  class=\"strate alignfull has-background-color-opacity-100\" style=\" background-position: 100% 100%;\"><div class=\"centrage\">\n\n<p class=\"has-medium-font-size\">Depuis 1934, La Gazette des Communes est le partenaire historique de la fonction publique territoriale et la marque m\u00e9dia r\u00e9f\u00e9rence pour les collectivit\u00e9s locales.<\/p>\n\n\n\n<p class=\"has-medium-font-size\">Forte d\u2019une longue exp\u00e9rience, elle contribue \u00e0 la bonne gestion des collectivit\u00e9s gr\u00e2ce \u00e0 une vari\u00e9t\u00e9 d\u2019outils \u00e0 destination des d\u00e9cideurs locaux&nbsp;: revues, sites d\u2019informations et de services, newsletters d\u00e9di\u00e9es, \u00e9v\u00e9nements d\u2019actualit\u00e9 ou Forums m\u00e9tiers, salons sp\u00e9cialis\u00e9s, catalogues de formations, dispositifs complets pour les appels d\u2019offres et les recrutements\u2026<\/p>\n\n\n<hr class=\"separator separator--center separator--line has-white-separator-color separator--thickness-3 separator--md\"\/>\n\n<hr class=\"separator separator--center separator--line has-white-separator-color separator--thickness-3 separator--md\"\/>\n\n<hr class=\"separator separator--center separator--line has-white-separator-color separator--thickness-1 separator--md\"\/>\n\n<section style=\"\" class=\"media-text       media-text--img-30 alignwide media-text--content-align-vertical-middle media-text--media-align-vertical-middle   media-text--img-contain\" ><div class=\"centrage media-text__layout\"><figure class=\"media-text__media\"><img loading=\"lazy\" src=\"https:\/\/evenements.infopro-digital.com\/gazette-des-communes\/actu-formations\/\/app\/uploads\/sites\/3\/2025\/10\/Design-sans-titre-32.png\" width=\"573\" height=\"777\" alt=\"\" style=\"\" \/><\/figure><div class=\"media-text__content\">\n\n<h2><strong>Les formations La Gazette des Communes<\/strong><\/h2>\n\n\n\n<p class=\"has-medium-font-size\">&#8211; un catalogue de plus de 250 formations inter-entreprises \u00e9ligibles au DIF \u00e9lus<\/p>\n\n\n\n<p class=\"has-medium-font-size\">&#8211;  des cursus qualifiants<\/p>\n\n\n\n<p class=\"has-medium-font-size\">&#8211; des formations sur mesure ou en intra-entreprise<\/p>\n\n\n\n<p class=\"has-medium-font-size\">&#8211; des formations e-learning<\/p>\n\n\n\n<div class=\"has-3-columns wp-block-columns\">\n<div class=\" wp-block-column\"><div class=\"bttn-align-center\"><a href=\"https:\/\/evenements.infopro-digital.com\/gazette-des-communes\/actu-formations\/telechargez-le-catalogue-des-formations-la-gazette\/\" target=\"_self\" class=\"bttn  bttn--md\"><span class=\"bttn__cont-label-icon\"><span class=\"bttn__label\">T\u00e9l\u00e9charger notre catalogue<\/span><\/span><\/a><\/div><\/div>\n\n\n\n<div class=\" wp-block-column\"><div class=\"bttn-align-center\"><a href=\"https:\/\/evenements.infopro-digital.com\/gazette-des-communes\/formations\/#\/\" target=\"_self\" class=\"bttn  bttn--md\"><span class=\"bttn__cont-label-icon\"><span class=\"bttn__label\">Consulter notre site internet<\/span><\/span><\/a><\/div><\/div>\n\n\n\n<div class=\" wp-block-column\" style=\"flex-basis:19.1%\"><\/div>\n<\/div>\n\n<\/div><\/div><\/section>\n\n<hr class=\"separator separator--center separator--line has-white-separator-color separator--thickness-3 separator--md\"\/>\n\n<hr class=\"separator separator--center separator--line has-white-separator-color separator--thickness-3 separator--md\"\/>\n\n<hr class=\"separator separator--center separator--line has-white-separator-color separator--thickness-3 separator--md\"\/>\n\n\n<h2><strong>La Gazette des Communes agr\u00e9\u00e9e pour la formation des Elus<\/strong><\/h2>\n\n\n<hr class=\"separator separator--center separator--line has-white-separator-color separator--thickness-1 separator--md\"\/>\n\n<hr class=\"separator separator--center separator--line has-white-separator-color separator--thickness-1 separator--md\"\/>\n\n\n<div class=\"has-3-columns wp-block-columns is-style-jc-flex-end\">\n<div class=\" wp-block-column\">\n<figure class=\"wp-block-image size-large\"><img loading=\"lazy\" width=\"300\" height=\"300\" src=\"https:\/\/evenements.infopro-digital.com\/gazette-des-communes\/actu-formations\/\/app\/uploads\/sites\/3\/2026\/03\/Logo-ministere-inte\u0301rieur-fond-blanc.jpg\" alt=\"\" class=\"wp-image-1259\" srcset=\"https:\/\/evenements.infopro-digital.com\/gazette-des-communes\/actu-formations\/\/app\/uploads\/sites\/3\/2026\/03\/Logo-ministere-inte\u0301rieur-fond-blanc.jpg 300w, https:\/\/evenements.infopro-digital.com\/gazette-des-communes\/actu-formations\/\/app\/uploads\/sites\/3\/2026\/03\/Logo-ministere-inte\u0301rieur-fond-blanc-150x150.jpg 150w\" sizes=\"(max-width: 300px) 100vw, 300px\" \/><\/figure>\n<\/div>\n\n\n\n<div class=\" wp-block-column\" style=\"flex-basis:73.2%\"><hr class=\"separator separator--center separator--line has-white-separator-color separator--thickness-3 separator--xl\"\/>\n\n<hr class=\"separator separator--center separator--line has-white-separator-color separator--thickness-3 separator--xl\"\/>\n\n<hr class=\"separator separator--center separator--line has-white-separator-color separator--thickness-3 separator--xl\"\/>\n\n\n<p class=\"has-medium-font-size\">Les organismes permettant la formation des \u00e9lus sont en nombre limit\u00e9. La Gazette des Communes est un organisme agr\u00e9\u00e9 par le minist\u00e8re de l\u2019int\u00e9rieur pour la formation des \u00e9lus.<\/p>\n<\/div>\n\n\n\n<div class=\" wp-block-column\" style=\"flex-basis:0%\"><\/div>\n<\/div>\n\n\n<hr class=\"separator separator--center separator--line has-white-separator-color separator--thickness-1 separator--md\"\/>\n\n<hr class=\"separator separator--center separator--line has-white-separator-color separator--thickness-3 separator--xl\"\/>\n\n<hr class=\"separator separator--center separator--line has-white-separator-color separator--thickness-3 separator--xl\"\/>\n\n\n<h2><strong>Les 6 raisons de nous choisir<\/strong><\/h2>\n\n\n\n<div class=\"has-6-columns wp-block-columns\">\n<div class=\" wp-block-column\"><div class=\"keys-figures\" style=\"\"><p class=\"keys-figures__chiffre has-ipd-28-font-size  has-text-align-center\"><strong>+ de 16 ans <\/strong>d&rsquo;exp\u00e9rience<\/p><div class=\"separator  has-color-2-separator-color  separator--line separator--thickness-1  separator--md separator--center\"><\/div><p class=\"has-ipd-18-font-size  has-text-align-center\"> dans le domaine de la formation<\/p><\/div><\/div>\n\n\n\n<div class=\" wp-block-column\"><div class=\"keys-figures\" style=\"\"><p class=\"keys-figures__chiffre has-ipd-28-font-size  has-text-align-center\"><strong>+ de 100 <\/strong>formateurs<\/p><div class=\"separator  has-color-2-separator-color  separator--line separator--thickness-1  separator--md separator--center\"><\/div><p class=\"has-ipd-18-font-size  has-text-align-center\">experts-praticiens\u00a0du secteur territorial\u00a0<\/p><\/div><\/div>\n\n\n\n<div class=\" wp-block-column\"><div class=\"keys-figures\" style=\"\"><p class=\"keys-figures__chiffre has-ipd-28-font-size  has-text-align-center\"><strong>+ de 250<\/strong><br>formations<\/p><div class=\"separator  has-color-2-separator-color  separator--line separator--thickness-1  separator--md separator--center\"><\/div><p class=\"has-ipd-18-font-size  has-text-align-center\">d\u00e9di\u00e9es aux collectivit\u00e9s<\/p><\/div><\/div>\n\n\n\n<div class=\" wp-block-column\"><div class=\"keys-figures\" style=\"\"><p class=\"keys-figures__chiffre has-ipd-28-font-size  has-text-align-center\"><strong><strong>+ de 1 200 <\/strong><\/strong><br>collectivit\u00e9s<strong><strong> <\/strong><\/strong><\/p><div class=\"separator  has-color-2-separator-color  separator--line separator--thickness-1  separator--md separator--center\"><\/div><p class=\"has-ipd-18-font-size  has-text-align-center\">nous ont fait confiance au cours des 3 derni\u00e8res ann\u00e9es<\/p><\/div><\/div>\n\n\n\n<div class=\" wp-block-column\"><div class=\"keys-figures\" style=\"\"><p class=\"keys-figures__chiffre has-ipd-28-font-size  has-text-align-center\"><strong><strong>+ de 1 000 sessions<\/strong><\/strong><\/p><div class=\"separator  has-color-2-separator-color  separator--line separator--thickness-1  separator--md separator--center\"><\/div><p class=\"has-ipd-18-font-size  has-text-align-center\">chaque ann\u00e9e en M\u00e9tropole et Outre-Mer<\/p><\/div><\/div>\n\n\n\n<div class=\" wp-block-column\"><div class=\"keys-figures\" style=\"\"><p class=\"keys-figures__chiffre has-ipd-28-font-size  has-text-align-center\"><strong>100 % de nos formations<\/strong><\/p><div class=\"separator  has-color-2-separator-color  separator--line separator--thickness-1  separator--md separator--center\"><\/div><p class=\"has-ipd-18-font-size  has-text-align-center\">sont accessibles aux personnes en situation de handicap<\/p><\/div><\/div>\n<\/div>\n\n<\/div><\/div>","protected":false},"excerpt":{"rendered":"","protected":false},"author":5,"featured_media":0,"parent":0,"menu_order":0,"comment_status":"closed","ping_status":"closed","template":"","meta":[],"yoast_head":"<!-- This site is optimized with the Yoast SEO plugin v18.9 - https:\/\/yoast.com\/wordpress\/plugins\/seo\/ -->\n<title>Qui sommes-nous ? - Formation Gazette<\/title>\n<meta name=\"robots\" content=\"index, follow, max-snippet:-1, max-image-preview:large, max-video-preview:-1\" \/>\n<link rel=\"canonical\" href=\"https:\/\/evenements.infopro-digital.com\/gazette-des-communes\/actu-formations\/qui-sommes-nous\/\" \/>\n<meta property=\"og:locale\" content=\"fr_FR\" \/>\n<meta property=\"og:type\" content=\"article\" \/>\n<meta property=\"og:title\" content=\"Qui sommes-nous ? - Formation Gazette\" \/>\n<meta property=\"og:url\" content=\"https:\/\/evenements.infopro-digital.com\/gazette-des-communes\/actu-formations\/qui-sommes-nous\/\" \/>\n<meta property=\"og:site_name\" content=\"Formation Gazette\" \/>\n<meta property=\"article:modified_time\" content=\"2026-03-23T14:32:41+00:00\" \/>\n<meta name=\"twitter:card\" content=\"summary_large_image\" \/>\n<meta name=\"twitter:label1\" content=\"Est. reading time\" \/>\n\t<meta name=\"twitter:data1\" content=\"1 minute\" \/>\n<script type=\"application\/ld+json\" class=\"yoast-schema-graph\">{\"@context\":\"https:\/\/schema.org\",\"@graph\":[{\"@type\":\"WebSite\",\"@id\":\"https:\/\/evenements.infopro-digital.com\/gazette-des-communes\/actu-formations\/#website\",\"url\":\"https:\/\/evenements.infopro-digital.com\/gazette-des-communes\/actu-formations\/\",\"name\":\"Formation Gazette\",\"description\":\"Un site utilisant Les sites de Formation argus\",\"potentialAction\":[{\"@type\":\"SearchAction\",\"target\":{\"@type\":\"EntryPoint\",\"urlTemplate\":\"https:\/\/evenements.infopro-digital.com\/gazette-des-communes\/actu-formations\/?s={search_term_string}\"},\"query-input\":\"required name=search_term_string\"}],\"inLanguage\":\"fr-FR\"},{\"@type\":\"WebPage\",\"@id\":\"https:\/\/evenements.infopro-digital.com\/gazette-des-communes\/actu-formations\/qui-sommes-nous\/#webpage\",\"url\":\"https:\/\/evenements.infopro-digital.com\/gazette-des-communes\/actu-formations\/qui-sommes-nous\/\",\"name\":\"Qui sommes-nous ? - Formation Gazette\",\"isPartOf\":{\"@id\":\"https:\/\/evenements.infopro-digital.com\/gazette-des-communes\/actu-formations\/#website\"},\"datePublished\":\"2022-04-12T13:17:10+00:00\",\"dateModified\":\"2026-03-23T14:32:41+00:00\",\"breadcrumb\":{\"@id\":\"https:\/\/evenements.infopro-digital.com\/gazette-des-communes\/actu-formations\/qui-sommes-nous\/#breadcrumb\"},\"inLanguage\":\"fr-FR\",\"potentialAction\":[{\"@type\":\"ReadAction\",\"target\":[\"https:\/\/evenements.infopro-digital.com\/gazette-des-communes\/actu-formations\/qui-sommes-nous\/\"]}]},{\"@type\":\"BreadcrumbList\",\"@id\":\"https:\/\/evenements.infopro-digital.com\/gazette-des-communes\/actu-formations\/qui-sommes-nous\/#breadcrumb\",\"itemListElement\":[{\"@type\":\"ListItem\",\"position\":1,\"name\":\"Accueil\",\"item\":\"https:\/\/evenements.infopro-digital.com\/gazette-des-communes\/actu-formations\/\"},{\"@type\":\"ListItem\",\"position\":2,\"name\":\"Qui sommes-nous ?\"}]}]}<\/script>\n<!-- \/ Yoast SEO plugin. -->","yoast_head_json":{"title":"Qui sommes-nous ? - Formation Gazette","robots":{"index":"index","follow":"follow","max-snippet":"max-snippet:-1","max-image-preview":"max-image-preview:large","max-video-preview":"max-video-preview:-1"},"canonical":"https:\/\/evenements.infopro-digital.com\/gazette-des-communes\/actu-formations\/qui-sommes-nous\/","og_locale":"fr_FR","og_type":"article","og_title":"Qui sommes-nous ? - Formation Gazette","og_url":"https:\/\/evenements.infopro-digital.com\/gazette-des-communes\/actu-formations\/qui-sommes-nous\/","og_site_name":"Formation Gazette","article_modified_time":"2026-03-23T14:32:41+00:00","twitter_card":"summary_large_image","twitter_misc":{"Est. reading time":"1 minute"},"schema":{"@context":"https:\/\/schema.org","@graph":[{"@type":"WebSite","@id":"https:\/\/evenements.infopro-digital.com\/gazette-des-communes\/actu-formations\/#website","url":"https:\/\/evenements.infopro-digital.com\/gazette-des-communes\/actu-formations\/","name":"Formation Gazette","description":"Un site utilisant Les sites de Formation argus","potentialAction":[{"@type":"SearchAction","target":{"@type":"EntryPoint","urlTemplate":"https:\/\/evenements.infopro-digital.com\/gazette-des-communes\/actu-formations\/?s={search_term_string}"},"query-input":"required name=search_term_string"}],"inLanguage":"fr-FR"},{"@type":"WebPage","@id":"https:\/\/evenements.infopro-digital.com\/gazette-des-communes\/actu-formations\/qui-sommes-nous\/#webpage","url":"https:\/\/evenements.infopro-digital.com\/gazette-des-communes\/actu-formations\/qui-sommes-nous\/","name":"Qui sommes-nous ? - Formation Gazette","isPartOf":{"@id":"https:\/\/evenements.infopro-digital.com\/gazette-des-communes\/actu-formations\/#website"},"datePublished":"2022-04-12T13:17:10+00:00","dateModified":"2026-03-23T14:32:41+00:00","breadcrumb":{"@id":"https:\/\/evenements.infopro-digital.com\/gazette-des-communes\/actu-formations\/qui-sommes-nous\/#breadcrumb"},"inLanguage":"fr-FR","potentialAction":[{"@type":"ReadAction","target":["https:\/\/evenements.infopro-digital.com\/gazette-des-communes\/actu-formations\/qui-sommes-nous\/"]}]},{"@type":"BreadcrumbList","@id":"https:\/\/evenements.infopro-digital.com\/gazette-des-communes\/actu-formations\/qui-sommes-nous\/#breadcrumb","itemListElement":[{"@type":"ListItem","position":1,"name":"Accueil","item":"https:\/\/evenements.infopro-digital.com\/gazette-des-communes\/actu-formations\/"},{"@type":"ListItem","position":2,"name":"Qui sommes-nous ?"}]}]}},"_links":{"self":[{"href":"https:\/\/evenements.infopro-digital.com\/gazette-des-communes\/actu-formations\/wp-json\/wp\/v2\/pages\/263"}],"collection":[{"href":"https:\/\/evenements.infopro-digital.com\/gazette-des-communes\/actu-formations\/wp-json\/wp\/v2\/pages"}],"about":[{"href":"https:\/\/evenements.infopro-digital.com\/gazette-des-communes\/actu-formations\/wp-json\/wp\/v2\/types\/page"}],"author":[{"embeddable":true,"href":"https:\/\/evenements.infopro-digital.com\/gazette-des-communes\/actu-formations\/wp-json\/wp\/v2\/users\/5"}],"replies":[{"embeddable":true,"href":"https:\/\/evenements.infopro-digital.com\/gazette-des-communes\/actu-formations\/wp-json\/wp\/v2\/comments?post=263"}],"version-history":[{"count":67,"href":"https:\/\/evenements.infopro-digital.com\/gazette-des-communes\/actu-formations\/wp-json\/wp\/v2\/pages\/263\/revisions"}],"predecessor-version":[{"id":1260,"href":"https:\/\/evenements.infopro-digital.com\/gazette-des-communes\/actu-formations\/wp-json\/wp\/v2\/pages\/263\/revisions\/1260"}],"wp:attachment":[{"href":"https:\/\/evenements.infopro-digital.com\/gazette-des-communes\/actu-formations\/wp-json\/wp\/v2\/media?parent=263"}],"curies":[{"name":"wp","href":"https:\/\/api.w.org\/{rel}","templated":true}]}}