{"id":2,"date":"2022-03-22T09:41:54","date_gmt":"2022-03-22T08:41:54","guid":{"rendered":"http:\/\/gazette.smerle.modern.evenements-actus-argus.sbx.dev2.gisi-interactive.net\/?page_id=2"},"modified":"2025-10-29T11:07:30","modified_gmt":"2025-10-29T10:07:30","slug":"accueil","status":"publish","type":"page","link":"https:\/\/evenements.infopro-digital.com\/gazette-des-communes\/actu-formations\/","title":{"rendered":"Accueil"},"content":{"rendered":"\n<div class=\"wp-block-cover has-color-1-background-color has-background-dim\"><img loading=\"lazy\" width=\"1920\" height=\"1080\" class=\"wp-block-cover__image-background wp-image-1003\" alt=\"\" src=\"https:\/\/evenements.infopro-digital.com\/gazette-des-communes\/actu-formations\/\/app\/uploads\/sites\/3\/2025\/02\/Design-sans-titre-28.png\" data-object-fit=\"cover\" srcset=\"https:\/\/evenements.infopro-digital.com\/gazette-des-communes\/actu-formations\/\/app\/uploads\/sites\/3\/2025\/02\/Design-sans-titre-28.png 1920w, https:\/\/evenements.infopro-digital.com\/gazette-des-communes\/actu-formations\/\/app\/uploads\/sites\/3\/2025\/02\/Design-sans-titre-28-300x169.png 300w, https:\/\/evenements.infopro-digital.com\/gazette-des-communes\/actu-formations\/\/app\/uploads\/sites\/3\/2025\/02\/Design-sans-titre-28-1024x576.png 1024w, https:\/\/evenements.infopro-digital.com\/gazette-des-communes\/actu-formations\/\/app\/uploads\/sites\/3\/2025\/02\/Design-sans-titre-28-768x432.png 768w, https:\/\/evenements.infopro-digital.com\/gazette-des-communes\/actu-formations\/\/app\/uploads\/sites\/3\/2025\/02\/Design-sans-titre-28-1536x864.png 1536w, https:\/\/evenements.infopro-digital.com\/gazette-des-communes\/actu-formations\/\/app\/uploads\/sites\/3\/2025\/02\/Design-sans-titre-28-1200x675.png 1200w, https:\/\/evenements.infopro-digital.com\/gazette-des-communes\/actu-formations\/\/app\/uploads\/sites\/3\/2025\/02\/Design-sans-titre-28-800x450.png 800w, https:\/\/evenements.infopro-digital.com\/gazette-des-communes\/actu-formations\/\/app\/uploads\/sites\/3\/2025\/02\/Design-sans-titre-28-400x225.png 400w\" sizes=\"(max-width: 1920px) 100vw, 1920px\" \/><div class=\"wp-block-cover__inner-container\"><div  class=\"strate alignfull has-background-color-opacity-100\" style=\" background-position: 50% 50%;\"><div class=\"centrage\">\n\n<div class=\"has-2-columns wp-block-columns is-style-jc-center\">\n<div class=\" wp-block-column\" style=\"flex-basis:64.2%\">\n<p class=\"has-text-align-center has-large-font-size\">Faites confiance \u00e0 l&rsquo;expert des collectivit\u00e9s locales<\/p>\n\n\n\n<p class=\"has-text-align-center has-large-font-size\">pour vous former<br><\/p>\n\n\n\n<div class=\"wp-block-image\"><figure class=\"aligncenter size-large is-resized\"><img loading=\"lazy\" src=\"https:\/\/evenements.infopro-digital.com\/gazette-des-communes\/actu-formations\/\/app\/uploads\/sites\/3\/2022\/04\/FormationsGazette2017foncolore.png\" alt=\"\" class=\"wp-image-245\" width=\"243\" height=\"125\" srcset=\"https:\/\/evenements.infopro-digital.com\/gazette-des-communes\/actu-formations\/\/app\/uploads\/sites\/3\/2022\/04\/FormationsGazette2017foncolore.png 497w, https:\/\/evenements.infopro-digital.com\/gazette-des-communes\/actu-formations\/\/app\/uploads\/sites\/3\/2022\/04\/FormationsGazette2017foncolore-300x156.png 300w, https:\/\/evenements.infopro-digital.com\/gazette-des-communes\/actu-formations\/\/app\/uploads\/sites\/3\/2022\/04\/FormationsGazette2017foncolore-400x208.png 400w\" sizes=\"(max-width: 243px) 100vw, 243px\" \/><\/figure><\/div>\n<\/div>\n\n\n\n<div class=\" wp-block-column\">\n<div class=\"wp-block-image\"><figure class=\"aligncenter size-large\"><img loading=\"lazy\" width=\"506\" height=\"683\" src=\"https:\/\/evenements.infopro-digital.com\/gazette-des-communes\/actu-formations\/\/app\/uploads\/sites\/3\/2025\/10\/couverture-GAZ-2026-2.jpg\" alt=\"\" class=\"wp-image-1163\" srcset=\"https:\/\/evenements.infopro-digital.com\/gazette-des-communes\/actu-formations\/\/app\/uploads\/sites\/3\/2025\/10\/couverture-GAZ-2026-2.jpg 506w, https:\/\/evenements.infopro-digital.com\/gazette-des-communes\/actu-formations\/\/app\/uploads\/sites\/3\/2025\/10\/couverture-GAZ-2026-2-222x300.jpg 222w, https:\/\/evenements.infopro-digital.com\/gazette-des-communes\/actu-formations\/\/app\/uploads\/sites\/3\/2025\/10\/couverture-GAZ-2026-2-400x540.jpg 400w\" sizes=\"(max-width: 506px) 100vw, 506px\" \/><\/figure><\/div>\n\n\n<div class=\"bttn-align-center\"><a href=\"https:\/\/evenements.infopro-digital.com\/gazette-des-communes\/actu-formations\/telechargez-le-catalogue-des-formations-la-gazette\/\" target=\"_self\" class=\"bttn bttn--icon  bttn--big\"><span class=\"bttn__cont-label-icon\"><span class=\"bttn__label\">T\u00e9l\u00e9charger le catalogue<\/span><svg role=\"img\" aria-hidden=\"true\" viewBox=\"0 0 16 16\"><use href=\"#icon-fichier-pdf\" class=\"icon__unicolor\" \/><\/svg><\/span><\/a><\/div><\/div>\n<\/div>\n\n<\/div><\/div><\/div><\/div>\n\n\n<div  class=\"strate alignfull has-background-color-opacity-100\" style=\" background-position: 50% 50%;\"><div class=\"centrage\">\n\n<p class=\"has-color-1-color has-text-color has-large-font-size\">Actualit\u00e9s<\/p>\n\n\n<div class=\"has-3-columns wp-block-columns wp-block-columns-shortcode\"><div class=\"wp-block-column\"><section class=\"card-simple has-box-shadow card-simple--equal-height is-lien\" style=\"box-shadow:0px 5px 15px  rgba(0,0,0,0.1);\"><a href=\"https:\/\/evenements.infopro-digital.com\/gazette-des-communes\/actu-formations\/2026\/03\/13\/replay-webinaire-decharge-de-fonctions-la-procedure-a-respecter-et-les-motifs-susceptibles-detre-invoques\/\" class=\"card-simple__wrapper-lien\"><div itemscope itemtype=\"https:\/\/schema.org\/ImageObject\" class=\"card-simple__cont-img card-simple__cont-img--\" style=\"background-image: url(https:\/\/evenements.infopro-digital.com\/gazette-des-communes\/actu-formations\/\/app\/uploads\/sites\/3\/2026\/03\/Miniature-1200x490.png)\"><meta itemprop=\"contentUrl\" content=\"https:\/\/evenements.infopro-digital.com\/gazette-des-communes\/actu-formations\/\/app\/uploads\/sites\/3\/2026\/03\/Miniature-1200x490.png\"\/><\/div><div class=\"card-simple__cont-infos\"><time class=\"card-simple__date\" datetime=\"2026-03-13T08:02:40+01:00\">13 mars 2026<\/time><h3 class=\"card-simple__titre \">D\u00e9charge de fonctions : la proc\u00e9dure \u00e0 respecter et les motifs susceptibles d\u2019\u00eatre invoqu\u00e9s<\/h3><div class=\"card-simple__content\"><p>D\u00e9charge de fonctions : la proc\u00e9dure \u00e0 respecter et les motifs susceptibles d\u2019\u00eatre invoqu\u00e9s; A l\u2019approche des \u00e9lections municipales, un&hellip;<\/p><\/div><\/div><\/a><\/section><\/div><div class=\"wp-block-column\"><section class=\"card-simple has-box-shadow card-simple--equal-height is-lien\" style=\"box-shadow:0px 5px 15px  rgba(0,0,0,0.1);\"><a href=\"https:\/\/evenements.infopro-digital.com\/gazette-des-communes\/actu-formations\/2026\/02\/25\/replay-webinaire-identifier-et-piloter-les-risques-dans-votre-collectivite-comment-passer-dune-contrainte-a-une-opportunite\/\" class=\"card-simple__wrapper-lien\"><div itemscope itemtype=\"https:\/\/schema.org\/ImageObject\" class=\"card-simple__cont-img card-simple__cont-img--\" style=\"background-image: url(https:\/\/evenements.infopro-digital.com\/gazette-des-communes\/actu-formations\/\/app\/uploads\/sites\/3\/2026\/02\/WEB_GTE23.png)\"><meta itemprop=\"contentUrl\" content=\"https:\/\/evenements.infopro-digital.com\/gazette-des-communes\/actu-formations\/\/app\/uploads\/sites\/3\/2026\/02\/WEB_GTE23.png\"\/><\/div><div class=\"card-simple__cont-infos\"><time class=\"card-simple__date\" datetime=\"2026-02-25T13:56:11+01:00\">25 f\u00e9vrier 2026<\/time><h3 class=\"card-simple__titre \">Identifier et piloter les risques dans votre collectivit\u00e9 : comment passer d\u2019une contrainte \u00e0 une opportunit\u00e9<\/h3><div class=\"card-simple__content\"><p>Identifier, \u00e9valuer et hi\u00e9rarchiser les risques permet de renforcer la gouvernance, de transformer l\u2019incertitude en opportunit\u00e9 et de prendre des&hellip;<\/p><\/div><\/div><\/a><\/section><\/div><div class=\"wp-block-column\"><section class=\"card-simple has-box-shadow card-simple--equal-height is-lien\" style=\"box-shadow:0px 5px 15px  rgba(0,0,0,0.1);\"><a href=\"https:\/\/evenements.infopro-digital.com\/gazette-des-communes\/actu-formations\/2026\/02\/18\/replay-webinaire-repondre-aux-exigences-et-optimiser-la-qai-de-vos-batiments-neufs-ou-existants\/\" class=\"card-simple__wrapper-lien\"><div itemscope itemtype=\"https:\/\/schema.org\/ImageObject\" class=\"card-simple__cont-img card-simple__cont-img--\" style=\"background-image: url(https:\/\/evenements.infopro-digital.com\/gazette-des-communes\/actu-formations\/\/app\/uploads\/sites\/3\/2026\/02\/Qualite-de-lAir-Interieur-1200x646.jpg)\"><meta itemprop=\"contentUrl\" content=\"https:\/\/evenements.infopro-digital.com\/gazette-des-communes\/actu-formations\/\/app\/uploads\/sites\/3\/2026\/02\/Qualite-de-lAir-Interieur-1200x646.jpg\"\/><\/div><div class=\"card-simple__cont-infos\"><time class=\"card-simple__date\" datetime=\"2026-02-18T13:06:44+01:00\">18 f\u00e9vrier 2026<\/time><h3 class=\"card-simple__titre \">R\u00e9pondre aux exigences et optimiser la QAI de vos b\u00e2timents neufs ou existants<\/h3><div class=\"card-simple__content\"><p>La QAI devient un investissement valorisable lorsqu&rsquo;elle est pens\u00e9e \u00e0 chaque \u00e9tape, constituant d\u00e9sormais un levier budg\u00e9taire et pas seulement&hellip;<\/p><\/div><\/div><\/a><\/section><\/div><\/div>\n\n<div class=\"bttn-align-center\"><a href=\"https:\/\/evenements.infopro-digital.com\/gazette-des-communes\/actu-formations\/actualites\/\" target=\"_self\" class=\"bttn bttn--icon  bttn--md\"><span class=\"bttn__cont-label-icon\"><span class=\"bttn__label\">Consulter toutes nos actualit\u00e9s<\/span><svg role=\"img\" aria-hidden=\"true\" viewBox=\"0 0 16 16\"><use href=\"#icon-fleche-droite\" class=\"icon__unicolor\" \/><\/svg><\/span><\/a><\/div>\n<\/div><\/div>\n\n<section style=\"\" class=\"media-text       media-text--img-20  media-text--content-align-vertical-middle media-text--media-align-vertical-middle has-background has-color-2-background-color  media-text--img-cover\" ><div class=\"centrage media-text__layout\"><figure class=\"media-text__media\" style=\"background-image: url(https:\/\/evenements.infopro-digital.com\/gazette-des-communes\/actu-formations\/\/app\/uploads\/sites\/3\/2022\/04\/RF_gazette.png); background-position: 50% 50%; \"><img loading=\"lazy\" src=\"https:\/\/evenements.infopro-digital.com\/gazette-des-communes\/actu-formations\/\/app\/uploads\/sites\/3\/2022\/04\/RF_gazette.png\" width=\"400\" height=\"600\" alt=\"\" style=\"\" \/><\/figure><div class=\"media-text__content\">\n\n<p class=\"has-large-font-size\">Vous \u00eates en charge des formations au sein de votre collectivit\u00e9 ? <\/p>\n\n\n\n<p class=\"has-medium-font-size\">Pensez \u00e0 l&rsquo;intra-entreprise, avec plusieurs avantages :<br>&#8211; Une formation con\u00e7ue selon vos probl\u00e9matiques et vos objectifs <br>&#8211; Dans vos locaux ou \u00e0 distance, aux dates qui vous conviennent<\/p>\n\n\n<div class=\"bttns bttns-align-center\">\n<div class=\"bttn-align-center\"><a href=\"https:\/\/evenements.infopro-digital.com\/gazette-des-communes\/actu-formations\/intra-entreprise-et-sur-mesure\/\" target=\"_self\" class=\"bttn  bttn--md\"><span class=\"bttn__cont-label-icon\"><span class=\"bttn__label\">En savoir plus sur l&rsquo;intra-entreprise<\/span><\/span><\/a><\/div>\n\n<div class=\"bttn-align-center\"><a href=\"https:\/\/evenements.infopro-digital.com\/gazette-des-communes\/contact\/context\/6#\/\" target=\"_blank\" class=\"bttn  bttn--md\"><span class=\"bttn__cont-label-icon\"><span class=\"bttn__label\">Faire une demande de formation<\/span><\/span><\/a><\/div>\n<\/div>\n<\/div><\/div><\/section>","protected":false},"excerpt":{"rendered":"","protected":false},"author":1,"featured_media":0,"parent":0,"menu_order":0,"comment_status":"closed","ping_status":"open","template":"tpl_homepage.php","meta":[],"yoast_head":"<!-- This site is optimized with the Yoast SEO plugin v18.9 - https:\/\/yoast.com\/wordpress\/plugins\/seo\/ -->\n<title>Accueil - Formation Gazette<\/title>\n<meta name=\"robots\" content=\"index, follow, max-snippet:-1, max-image-preview:large, max-video-preview:-1\" \/>\n<link rel=\"canonical\" href=\"https:\/\/evenements.infopro-digital.com\/gazette-des-communes\/actu-formations\/\" \/>\n<meta property=\"og:locale\" content=\"fr_FR\" \/>\n<meta property=\"og:type\" content=\"article\" \/>\n<meta property=\"og:title\" content=\"Accueil - Formation Gazette\" \/>\n<meta property=\"og:url\" content=\"https:\/\/evenements.infopro-digital.com\/gazette-des-communes\/actu-formations\/\" \/>\n<meta property=\"og:site_name\" content=\"Formation Gazette\" \/>\n<meta property=\"article:modified_time\" content=\"2025-10-29T10:07:30+00:00\" \/>\n<meta property=\"og:image\" content=\"https:\/\/evenements.infopro-digital.com\/gazette-des-communes\/actu-formations\/\/app\/uploads\/sites\/3\/2025\/02\/Design-sans-titre-28.png\" \/>\n<meta name=\"twitter:card\" content=\"summary_large_image\" \/>\n<meta name=\"twitter:label1\" content=\"Est. reading time\" \/>\n\t<meta name=\"twitter:data1\" content=\"1 minute\" \/>\n<script type=\"application\/ld+json\" class=\"yoast-schema-graph\">{\"@context\":\"https:\/\/schema.org\",\"@graph\":[{\"@type\":\"WebSite\",\"@id\":\"https:\/\/evenements.infopro-digital.com\/gazette-des-communes\/actu-formations\/#website\",\"url\":\"https:\/\/evenements.infopro-digital.com\/gazette-des-communes\/actu-formations\/\",\"name\":\"Formation Gazette\",\"description\":\"Un site utilisant Les sites de Formation argus\",\"potentialAction\":[{\"@type\":\"SearchAction\",\"target\":{\"@type\":\"EntryPoint\",\"urlTemplate\":\"https:\/\/evenements.infopro-digital.com\/gazette-des-communes\/actu-formations\/?s={search_term_string}\"},\"query-input\":\"required name=search_term_string\"}],\"inLanguage\":\"fr-FR\"},{\"@type\":\"ImageObject\",\"inLanguage\":\"fr-FR\",\"@id\":\"https:\/\/evenements.infopro-digital.com\/gazette-des-communes\/actu-formations\/#primaryimage\",\"url\":\"https:\/\/evenements.infopro-digital.com\/gazette-des-communes\/actu-formations\/\/app\/uploads\/sites\/3\/2025\/02\/Design-sans-titre-28.png\",\"contentUrl\":\"https:\/\/evenements.infopro-digital.com\/gazette-des-communes\/actu-formations\/\/app\/uploads\/sites\/3\/2025\/02\/Design-sans-titre-28.png\",\"width\":1920,\"height\":1080},{\"@type\":\"WebPage\",\"@id\":\"https:\/\/evenements.infopro-digital.com\/gazette-des-communes\/actu-formations\/#webpage\",\"url\":\"https:\/\/evenements.infopro-digital.com\/gazette-des-communes\/actu-formations\/\",\"name\":\"Accueil - Formation Gazette\",\"isPartOf\":{\"@id\":\"https:\/\/evenements.infopro-digital.com\/gazette-des-communes\/actu-formations\/#website\"},\"primaryImageOfPage\":{\"@id\":\"https:\/\/evenements.infopro-digital.com\/gazette-des-communes\/actu-formations\/#primaryimage\"},\"datePublished\":\"2022-03-22T08:41:54+00:00\",\"dateModified\":\"2025-10-29T10:07:30+00:00\",\"breadcrumb\":{\"@id\":\"https:\/\/evenements.infopro-digital.com\/gazette-des-communes\/actu-formations\/#breadcrumb\"},\"inLanguage\":\"fr-FR\",\"potentialAction\":[{\"@type\":\"ReadAction\",\"target\":[\"https:\/\/evenements.infopro-digital.com\/gazette-des-communes\/actu-formations\/\"]}]},{\"@type\":\"BreadcrumbList\",\"@id\":\"https:\/\/evenements.infopro-digital.com\/gazette-des-communes\/actu-formations\/#breadcrumb\",\"itemListElement\":[{\"@type\":\"ListItem\",\"position\":1,\"name\":\"Accueil\",\"item\":\"https:\/\/evenements.infopro-digital.com\/gazette-des-communes\/actu-formations\/\"},{\"@type\":\"ListItem\",\"position\":2,\"name\":\"Accueil\"}]}]}<\/script>\n<!-- \/ Yoast SEO plugin. -->","yoast_head_json":{"title":"Accueil - Formation Gazette","robots":{"index":"index","follow":"follow","max-snippet":"max-snippet:-1","max-image-preview":"max-image-preview:large","max-video-preview":"max-video-preview:-1"},"canonical":"https:\/\/evenements.infopro-digital.com\/gazette-des-communes\/actu-formations\/","og_locale":"fr_FR","og_type":"article","og_title":"Accueil - Formation Gazette","og_url":"https:\/\/evenements.infopro-digital.com\/gazette-des-communes\/actu-formations\/","og_site_name":"Formation Gazette","article_modified_time":"2025-10-29T10:07:30+00:00","og_image":[{"url":"https:\/\/evenements.infopro-digital.com\/gazette-des-communes\/actu-formations\/\/app\/uploads\/sites\/3\/2025\/02\/Design-sans-titre-28.png"}],"twitter_card":"summary_large_image","twitter_misc":{"Est. reading time":"1 minute"},"schema":{"@context":"https:\/\/schema.org","@graph":[{"@type":"WebSite","@id":"https:\/\/evenements.infopro-digital.com\/gazette-des-communes\/actu-formations\/#website","url":"https:\/\/evenements.infopro-digital.com\/gazette-des-communes\/actu-formations\/","name":"Formation Gazette","description":"Un site utilisant Les sites de Formation argus","potentialAction":[{"@type":"SearchAction","target":{"@type":"EntryPoint","urlTemplate":"https:\/\/evenements.infopro-digital.com\/gazette-des-communes\/actu-formations\/?s={search_term_string}"},"query-input":"required name=search_term_string"}],"inLanguage":"fr-FR"},{"@type":"ImageObject","inLanguage":"fr-FR","@id":"https:\/\/evenements.infopro-digital.com\/gazette-des-communes\/actu-formations\/#primaryimage","url":"https:\/\/evenements.infopro-digital.com\/gazette-des-communes\/actu-formations\/\/app\/uploads\/sites\/3\/2025\/02\/Design-sans-titre-28.png","contentUrl":"https:\/\/evenements.infopro-digital.com\/gazette-des-communes\/actu-formations\/\/app\/uploads\/sites\/3\/2025\/02\/Design-sans-titre-28.png","width":1920,"height":1080},{"@type":"WebPage","@id":"https:\/\/evenements.infopro-digital.com\/gazette-des-communes\/actu-formations\/#webpage","url":"https:\/\/evenements.infopro-digital.com\/gazette-des-communes\/actu-formations\/","name":"Accueil - Formation Gazette","isPartOf":{"@id":"https:\/\/evenements.infopro-digital.com\/gazette-des-communes\/actu-formations\/#website"},"primaryImageOfPage":{"@id":"https:\/\/evenements.infopro-digital.com\/gazette-des-communes\/actu-formations\/#primaryimage"},"datePublished":"2022-03-22T08:41:54+00:00","dateModified":"2025-10-29T10:07:30+00:00","breadcrumb":{"@id":"https:\/\/evenements.infopro-digital.com\/gazette-des-communes\/actu-formations\/#breadcrumb"},"inLanguage":"fr-FR","potentialAction":[{"@type":"ReadAction","target":["https:\/\/evenements.infopro-digital.com\/gazette-des-communes\/actu-formations\/"]}]},{"@type":"BreadcrumbList","@id":"https:\/\/evenements.infopro-digital.com\/gazette-des-communes\/actu-formations\/#breadcrumb","itemListElement":[{"@type":"ListItem","position":1,"name":"Accueil","item":"https:\/\/evenements.infopro-digital.com\/gazette-des-communes\/actu-formations\/"},{"@type":"ListItem","position":2,"name":"Accueil"}]}]}},"_links":{"self":[{"href":"https:\/\/evenements.infopro-digital.com\/gazette-des-communes\/actu-formations\/wp-json\/wp\/v2\/pages\/2"}],"collection":[{"href":"https:\/\/evenements.infopro-digital.com\/gazette-des-communes\/actu-formations\/wp-json\/wp\/v2\/pages"}],"about":[{"href":"https:\/\/evenements.infopro-digital.com\/gazette-des-communes\/actu-formations\/wp-json\/wp\/v2\/types\/page"}],"author":[{"embeddable":true,"href":"https:\/\/evenements.infopro-digital.com\/gazette-des-communes\/actu-formations\/wp-json\/wp\/v2\/users\/1"}],"replies":[{"embeddable":true,"href":"https:\/\/evenements.infopro-digital.com\/gazette-des-communes\/actu-formations\/wp-json\/wp\/v2\/comments?post=2"}],"version-history":[{"count":18,"href":"https:\/\/evenements.infopro-digital.com\/gazette-des-communes\/actu-formations\/wp-json\/wp\/v2\/pages\/2\/revisions"}],"predecessor-version":[{"id":1228,"href":"https:\/\/evenements.infopro-digital.com\/gazette-des-communes\/actu-formations\/wp-json\/wp\/v2\/pages\/2\/revisions\/1228"}],"wp:attachment":[{"href":"https:\/\/evenements.infopro-digital.com\/gazette-des-communes\/actu-formations\/wp-json\/wp\/v2\/media?parent=2"}],"curies":[{"name":"wp","href":"https:\/\/api.w.org\/{rel}","templated":true}]}}