{"id":240,"date":"2022-04-12T09:39:29","date_gmt":"2022-04-12T07:39:29","guid":{"rendered":"https:\/\/evenements.infopro-digital.com\/argus\/actu-formations\/?page_id=240"},"modified":"2026-03-04T12:00:30","modified_gmt":"2026-03-04T11:00:30","slug":"qui-sommes-nous","status":"publish","type":"page","link":"https:\/\/evenements.infopro-digital.com\/argus\/actu-formations\/qui-sommes-nous\/","title":{"rendered":"Qui sommes-nous ?"},"content":{"rendered":"<div  class=\"strate alignfull has-background-color-opacity-100\" style=\" background-position: 50% 50%;\"><div class=\"centrage\">\n\n<div class=\"has-2-columns wp-block-columns is-style-jc-flex-start\">\n<div class=\" wp-block-column\" style=\"flex-basis:66.66%\">\n<p class=\"has-medium-font-size\">Premi\u00e8re source d\u2019information des professionnels de l\u2019assurance depuis 1877, <strong>L\u2019Argus de l\u2019assurance <\/strong>d\u00e9crypte la strat\u00e9gie des entreprises du secteur, suit les \u00e9volutions des march\u00e9s et des r\u00e9seaux de distribution, les innovations produits et services. Il permet \u00e9galement le suivi de l\u2019actualit\u00e9 juridique et des \u00e9volutions r\u00e9glementaires du secteur de l\u2019assurance.<\/p>\n<\/div>\n\n\n\n<div class=\" wp-block-column\" style=\"flex-basis:33.33%\">\n<div class=\"wp-block-image\"><figure class=\"aligncenter size-full is-resized\"><a href=\"https:\/\/www.argusdelassurance.com\/\"><img src=\"https:\/\/evenements.infopro-digital.com\/argus\/actu-formations\/\/app\/uploads\/2022\/04\/logo-argus.png\" alt=\"Logo de L'Argus de l'assurance\" class=\"wp-image-280\" width=\"390\" srcset=\"https:\/\/evenements.infopro-digital.com\/argus\/actu-formations\/\/app\/uploads\/2022\/04\/logo-argus.png 458w, https:\/\/evenements.infopro-digital.com\/argus\/actu-formations\/\/app\/uploads\/2022\/04\/logo-argus-300x116.png 300w, https:\/\/evenements.infopro-digital.com\/argus\/actu-formations\/\/app\/uploads\/2022\/04\/logo-argus-400x155.png 400w\" sizes=\"(max-width: 458px) 100vw, 458px\" \/><\/a><\/figure><\/div>\n<\/div>\n<\/div>\n\n\n\n<h2>L&rsquo;Argus de l&rsquo;assurance c&rsquo;est aussi un organisme de formation, certifi\u00e9 Qualiopi<\/h2>\n\n\n\n<p class=\"has-medium-font-size\">Nous proposons <strong>+ de 120 formations tout au long de l\u2019ann\u00e9e<\/strong>, \u00e0 Paris, Lyon, Bordeaux, Nantes et Niort mais \u00e9galement en classe virtuelle, en e-learning et blended-learning.<\/p>\n\n\n\n<p class=\"has-medium-font-size\">Ces formations, fortement ancr\u00e9es dans l&rsquo;actualit\u00e9 des march\u00e9s de l&rsquo;assurance et au plus proche des \u00e9volutions r\u00e9glementaires, techniques et fonctionnelles des m\u00e9tiers de l\u2019assurance, offrent des <strong>parcours op\u00e9rationnels pour d\u00e9cider, organiser et piloter les activit\u00e9s au quotidien<\/strong>.<\/p>\n\n\n\n<p class=\"has-medium-font-size\">Nous avons \u00e9galement enrichi notre offre afin de vous aider \u00e0 <strong>r\u00e9pondre \u00e0 l&rsquo;obligation de formation continue DDA<\/strong> de 15 heures annuelles.<\/p>\n\n\n\n<p class=\"has-medium-font-size\">Nos formateurs sont des <strong>experts reconnus<\/strong>, s\u00e9lectionn\u00e9s pour leur connaissance pointue des \u00e9volutions strat\u00e9giques et r\u00e9glementaires des m\u00e9tiers de l&rsquo;assurance. Ils sont issus de cabinets d&rsquo;avocats, d&rsquo;actuaires, de soci\u00e9t\u00e9s de conseil et praticiens des m\u00e9tiers.<\/p>\n\n\n<hr class=\"separator separator--center separator--line has-white-separator-color separator--thickness-1 separator--md\"\/>\n\n<section style=\"\" class=\"media-text       media-text--img-30  media-text--content-align-vertical-middle media-text--media-align-vertical-middle   media-text--img-contain\" ><div class=\"centrage media-text__layout\"><figure class=\"media-text__media\"><img loading=\"lazy\" src=\"https:\/\/evenements.infopro-digital.com\/argus\/actu-formations\/\/app\/uploads\/2025\/10\/Argus-Catalogue-Formations-2026.jpg\" width=\"865\" height=\"1165\" alt=\"\" style=\"\" \/><\/figure><div class=\"media-text__content\">\n\n<p><\/p>\n\n\n\n<p class=\"has-large-font-size\"><strong>Les formations L\u2019Argus de l\u2019assurance<\/strong><\/p>\n\n\n\n<p class=\"has-color-4-color has-text-color has-medium-font-size\">\u2714\ufe0f Un catalogue de plus de 120 formations inter-entreprises dont <a href=\"https:\/\/evenements.infopro-digital.com\/argus\/sommaire-thematique\/dda-t-3130?xtor=AD-603\" target=\"_blank\" rel=\"noreferrer noopener\">+ de 80 \u00e9ligibles DDA<\/a><\/p>\n\n\n\n<p class=\"has-color-4-color has-text-color has-medium-font-size\">\u2714\ufe0f Un <a href=\"https:\/\/evenements.infopro-digital.com\/argus\/formation-cursus-responsable-conformite-p-8674?xtor=AD-603\" target=\"_blank\" rel=\"noreferrer noopener\">cursus qualifiant d\u00e9di\u00e9 aux Responsables conformit\u00e9<\/a><\/p>\n\n\n\n<p class=\"has-color-4-color has-text-color has-medium-font-size\">\u2714\ufe0f Des <a href=\"https:\/\/evenements.infopro-digital.com\/argus\/actu-formations\/intra-entreprise-et-sur-mesure\/\" target=\"_blank\" rel=\"noreferrer noopener\">formations adaptables en intra-entreprise ou sur mesure<\/a><\/p>\n\n\n\n<p class=\"has-color-4-color has-text-color has-medium-font-size\">\u2714\ufe0f 25 <a href=\"https:\/\/evenements.infopro-digital.com\/argus\/e-learning-argus-de-lassurance-ld-4670?xtor=AD-603\" target=\"_blank\" rel=\"noreferrer noopener\">programmes en e-learning<\/a><\/p>\n\n\n\n<p class=\"has-color-4-color has-text-color has-medium-font-size\">\u2714\ufe0f Une plateforme de formation en e-learning accessible en illimit\u00e9 jusqu\u2019\u00e0 la fin de l\u2019ann\u00e9e pour remplir l\u2019obligation de formation DDA : <strong><a href=\"https:\/\/www.visadda.fr\/offre-ddacademy\/solution-e-learning\/?utm_source=pg&amp;utm_medium=blog&amp;utm_campaign=pgintra\" target=\"_blank\" rel=\"noreferrer noopener\">VisaDDA<\/a><\/strong><\/p>\n\n\n\n<div class=\"has-2-columns wp-block-columns\">\n<div class=\" wp-block-column\"><div class=\"bttn-align-center\"><a href=\"https:\/\/evenements.infopro-digital.com\/argus\/actu-formations\/telechargez-le-catalogue-2023-de-largus\/\" target=\"_blank\" class=\"bttn bttn--icon-left bttn--icon  bttn--big\"><span class=\"bttn__cont-label-icon\"><svg role=\"img\" aria-hidden=\"true\" viewBox=\"0 0 16 16\"><use href=\"#icon-fichier-telechargement\" class=\"icon__unicolor\" \/><\/svg><span class=\"bttn__label\">T\u00e9l\u00e9charger notre catalogue<\/span><\/span><\/a><\/div><\/div>\n\n\n\n<div class=\" wp-block-column\"><div class=\"bttn-align-center\"><a href=\"https:\/\/evenements.infopro-digital.com\/argus\/formations\/?xtor=ES-603\" target=\"_blank\" class=\"bttn bttn--icon  bttn--big\"><span class=\"bttn__cont-label-icon\"><span class=\"bttn__label\">Consulter notre site web<\/span><svg role=\"img\" aria-hidden=\"true\" viewBox=\"0 0 16 16\"><use href=\"#icon-ordinateur-1\" class=\"icon__unicolor\" \/><\/svg><\/span><\/a><\/div><\/div>\n<\/div>\n\n<\/div><\/div><\/section>\n<\/div><\/div>","protected":false},"excerpt":{"rendered":"","protected":false},"author":2,"featured_media":0,"parent":0,"menu_order":0,"comment_status":"closed","ping_status":"closed","template":"","meta":[],"yoast_head":"<!-- This site is optimized with the Yoast SEO plugin v18.9 - https:\/\/yoast.com\/wordpress\/plugins\/seo\/ -->\n<title>Qui sommes-nous ? - Formation argus<\/title>\n<meta name=\"robots\" content=\"index, follow, max-snippet:-1, max-image-preview:large, max-video-preview:-1\" \/>\n<link rel=\"canonical\" href=\"https:\/\/evenements.infopro-digital.com\/argus\/actu-formations\/qui-sommes-nous\/\" \/>\n<meta property=\"og:locale\" content=\"fr_FR\" \/>\n<meta property=\"og:type\" content=\"article\" \/>\n<meta property=\"og:title\" content=\"Qui sommes-nous ? - Formation argus\" \/>\n<meta property=\"og:url\" content=\"https:\/\/evenements.infopro-digital.com\/argus\/actu-formations\/qui-sommes-nous\/\" \/>\n<meta property=\"og:site_name\" content=\"Formation argus\" \/>\n<meta property=\"article:modified_time\" content=\"2026-03-04T11:00:30+00:00\" \/>\n<meta property=\"og:image\" content=\"https:\/\/evenements.infopro-digital.com\/argus\/actu-formations\/\/app\/uploads\/2022\/04\/logo-argus.png\" \/>\n<meta name=\"twitter:card\" content=\"summary_large_image\" \/>\n<meta name=\"twitter:label1\" content=\"Est. reading time\" \/>\n\t<meta name=\"twitter:data1\" content=\"2 minutes\" \/>\n<script type=\"application\/ld+json\" class=\"yoast-schema-graph\">{\"@context\":\"https:\/\/schema.org\",\"@graph\":[{\"@type\":\"WebSite\",\"@id\":\"https:\/\/evenements.infopro-digital.com\/argus\/actu-formations\/#website\",\"url\":\"https:\/\/evenements.infopro-digital.com\/argus\/actu-formations\/\",\"name\":\"Formation argus\",\"description\":\"Un site utilisant WordPress\",\"potentialAction\":[{\"@type\":\"SearchAction\",\"target\":{\"@type\":\"EntryPoint\",\"urlTemplate\":\"https:\/\/evenements.infopro-digital.com\/argus\/actu-formations\/?s={search_term_string}\"},\"query-input\":\"required name=search_term_string\"}],\"inLanguage\":\"fr-FR\"},{\"@type\":\"ImageObject\",\"inLanguage\":\"fr-FR\",\"@id\":\"https:\/\/evenements.infopro-digital.com\/argus\/actu-formations\/qui-sommes-nous\/#primaryimage\",\"url\":\"https:\/\/evenements.infopro-digital.com\/argus\/actu-formations\/\/app\/uploads\/2022\/04\/logo-argus.png\",\"contentUrl\":\"https:\/\/evenements.infopro-digital.com\/argus\/actu-formations\/\/app\/uploads\/2022\/04\/logo-argus.png\",\"width\":458,\"height\":177},{\"@type\":\"WebPage\",\"@id\":\"https:\/\/evenements.infopro-digital.com\/argus\/actu-formations\/qui-sommes-nous\/#webpage\",\"url\":\"https:\/\/evenements.infopro-digital.com\/argus\/actu-formations\/qui-sommes-nous\/\",\"name\":\"Qui sommes-nous ? - Formation argus\",\"isPartOf\":{\"@id\":\"https:\/\/evenements.infopro-digital.com\/argus\/actu-formations\/#website\"},\"primaryImageOfPage\":{\"@id\":\"https:\/\/evenements.infopro-digital.com\/argus\/actu-formations\/qui-sommes-nous\/#primaryimage\"},\"datePublished\":\"2022-04-12T07:39:29+00:00\",\"dateModified\":\"2026-03-04T11:00:30+00:00\",\"breadcrumb\":{\"@id\":\"https:\/\/evenements.infopro-digital.com\/argus\/actu-formations\/qui-sommes-nous\/#breadcrumb\"},\"inLanguage\":\"fr-FR\",\"potentialAction\":[{\"@type\":\"ReadAction\",\"target\":[\"https:\/\/evenements.infopro-digital.com\/argus\/actu-formations\/qui-sommes-nous\/\"]}]},{\"@type\":\"BreadcrumbList\",\"@id\":\"https:\/\/evenements.infopro-digital.com\/argus\/actu-formations\/qui-sommes-nous\/#breadcrumb\",\"itemListElement\":[{\"@type\":\"ListItem\",\"position\":1,\"name\":\"Accueil\",\"item\":\"https:\/\/evenements.infopro-digital.com\/argus\/actu-formations\/\"},{\"@type\":\"ListItem\",\"position\":2,\"name\":\"Qui sommes-nous ?\"}]}]}<\/script>\n<!-- \/ Yoast SEO plugin. -->","yoast_head_json":{"title":"Qui sommes-nous ? - Formation argus","robots":{"index":"index","follow":"follow","max-snippet":"max-snippet:-1","max-image-preview":"max-image-preview:large","max-video-preview":"max-video-preview:-1"},"canonical":"https:\/\/evenements.infopro-digital.com\/argus\/actu-formations\/qui-sommes-nous\/","og_locale":"fr_FR","og_type":"article","og_title":"Qui sommes-nous ? - Formation argus","og_url":"https:\/\/evenements.infopro-digital.com\/argus\/actu-formations\/qui-sommes-nous\/","og_site_name":"Formation argus","article_modified_time":"2026-03-04T11:00:30+00:00","og_image":[{"url":"https:\/\/evenements.infopro-digital.com\/argus\/actu-formations\/\/app\/uploads\/2022\/04\/logo-argus.png"}],"twitter_card":"summary_large_image","twitter_misc":{"Est. reading time":"2 minutes"},"schema":{"@context":"https:\/\/schema.org","@graph":[{"@type":"WebSite","@id":"https:\/\/evenements.infopro-digital.com\/argus\/actu-formations\/#website","url":"https:\/\/evenements.infopro-digital.com\/argus\/actu-formations\/","name":"Formation argus","description":"Un site utilisant WordPress","potentialAction":[{"@type":"SearchAction","target":{"@type":"EntryPoint","urlTemplate":"https:\/\/evenements.infopro-digital.com\/argus\/actu-formations\/?s={search_term_string}"},"query-input":"required name=search_term_string"}],"inLanguage":"fr-FR"},{"@type":"ImageObject","inLanguage":"fr-FR","@id":"https:\/\/evenements.infopro-digital.com\/argus\/actu-formations\/qui-sommes-nous\/#primaryimage","url":"https:\/\/evenements.infopro-digital.com\/argus\/actu-formations\/\/app\/uploads\/2022\/04\/logo-argus.png","contentUrl":"https:\/\/evenements.infopro-digital.com\/argus\/actu-formations\/\/app\/uploads\/2022\/04\/logo-argus.png","width":458,"height":177},{"@type":"WebPage","@id":"https:\/\/evenements.infopro-digital.com\/argus\/actu-formations\/qui-sommes-nous\/#webpage","url":"https:\/\/evenements.infopro-digital.com\/argus\/actu-formations\/qui-sommes-nous\/","name":"Qui sommes-nous ? - Formation argus","isPartOf":{"@id":"https:\/\/evenements.infopro-digital.com\/argus\/actu-formations\/#website"},"primaryImageOfPage":{"@id":"https:\/\/evenements.infopro-digital.com\/argus\/actu-formations\/qui-sommes-nous\/#primaryimage"},"datePublished":"2022-04-12T07:39:29+00:00","dateModified":"2026-03-04T11:00:30+00:00","breadcrumb":{"@id":"https:\/\/evenements.infopro-digital.com\/argus\/actu-formations\/qui-sommes-nous\/#breadcrumb"},"inLanguage":"fr-FR","potentialAction":[{"@type":"ReadAction","target":["https:\/\/evenements.infopro-digital.com\/argus\/actu-formations\/qui-sommes-nous\/"]}]},{"@type":"BreadcrumbList","@id":"https:\/\/evenements.infopro-digital.com\/argus\/actu-formations\/qui-sommes-nous\/#breadcrumb","itemListElement":[{"@type":"ListItem","position":1,"name":"Accueil","item":"https:\/\/evenements.infopro-digital.com\/argus\/actu-formations\/"},{"@type":"ListItem","position":2,"name":"Qui sommes-nous ?"}]}]}},"_links":{"self":[{"href":"https:\/\/evenements.infopro-digital.com\/argus\/actu-formations\/wp-json\/wp\/v2\/pages\/240"}],"collection":[{"href":"https:\/\/evenements.infopro-digital.com\/argus\/actu-formations\/wp-json\/wp\/v2\/pages"}],"about":[{"href":"https:\/\/evenements.infopro-digital.com\/argus\/actu-formations\/wp-json\/wp\/v2\/types\/page"}],"author":[{"embeddable":true,"href":"https:\/\/evenements.infopro-digital.com\/argus\/actu-formations\/wp-json\/wp\/v2\/users\/2"}],"replies":[{"embeddable":true,"href":"https:\/\/evenements.infopro-digital.com\/argus\/actu-formations\/wp-json\/wp\/v2\/comments?post=240"}],"version-history":[{"count":21,"href":"https:\/\/evenements.infopro-digital.com\/argus\/actu-formations\/wp-json\/wp\/v2\/pages\/240\/revisions"}],"predecessor-version":[{"id":935,"href":"https:\/\/evenements.infopro-digital.com\/argus\/actu-formations\/wp-json\/wp\/v2\/pages\/240\/revisions\/935"}],"wp:attachment":[{"href":"https:\/\/evenements.infopro-digital.com\/argus\/actu-formations\/wp-json\/wp\/v2\/media?parent=240"}],"curies":[{"name":"wp","href":"https:\/\/api.w.org\/{rel}","templated":true}]}}