{"id":238,"date":"2022-04-12T09:38:53","date_gmt":"2022-04-12T07:38:53","guid":{"rendered":"https:\/\/evenements.infopro-digital.com\/argus\/actu-formations\/?page_id=238"},"modified":"2026-03-12T14:46:20","modified_gmt":"2026-03-12T13:46:20","slug":"intra-entreprise-et-sur-mesure","status":"publish","type":"page","link":"https:\/\/evenements.infopro-digital.com\/argus\/actu-formations\/intra-entreprise-et-sur-mesure\/","title":{"rendered":"Formations intra-entreprises et sur mesure"},"content":{"rendered":"<div  class=\"strate alignfull has-background-color-opacity-100\" style=\" background-position: 50% 50%;\"><div class=\"centrage\">\n\n<p class=\"has-medium-font-size\"><strong>Toutes les formations de <a href=\"https:\/\/evenements.infopro-digital.com\/argus\/actu-formations\/telechargez-le-catalogue-2023-de-largus\/\" target=\"_blank\" rel=\"noreferrer noopener\">notre catalogue<\/a> sont adaptables en intra-entreprise<\/strong>, \u00e0 la date et selon la modalit\u00e9 de votre choix (en pr\u00e9sentiel et\/ou \u00e0 distance), \u00e0 partir de 4 personnes.<\/p>\n\n\n\n<p class=\"has-medium-font-size\">Ce format offre de nombreux avantages&nbsp;:<\/p>\n\n\n\n<div class=\"has-2-columns wp-block-columns is-style-jc-flex-start\">\n<div class=\" wp-block-column\" style=\"flex-basis:7.6%\"><\/div>\n\n\n\n<div class=\" wp-block-column\" style=\"flex-basis:91%\">\n<p class=\"has-text-align-left has-medium-font-size\">&gt; la <strong>coh\u00e9sion d\u2019\u00e9quipe <\/strong>en faisant monter en comp\u00e9tences simultan\u00e9ment plusieurs collaborateurs ayant les m\u00eames besoins<\/p>\n\n\n\n<p class=\"has-text-align-left has-medium-font-size\">&gt; la <strong>personnalisation du contenu, <\/strong>partielle avec des exemples et exercices adapt\u00e9s aux besoins de vos \u00e9quipes, <br>ou totale avec des formations 100% sur mesure<\/p>\n\n\n\n<p class=\"has-text-align-left has-medium-font-size\">&gt; l&rsquo;<strong>optimisation de votre<\/strong> <strong>budget formation <br><br><\/strong>&gt; l\u2019apport de<strong> l\u2019expertise des formateurs L\u2019Argus de l\u2019assurance<\/strong> pour compl\u00e9ter votre offre de formation interne<\/p>\n<\/div>\n<\/div>\n\n\n<hr class=\"separator separator--center separator--line has-white-separator-color separator--thickness-1 separator--md\"\/>\n\n\n<p class=\"has-medium-font-size\">Nous pouvons \u00e9galement \u00e9laborer une <strong>formation sur mesure avec un contenu enti\u00e8rement personnalis\u00e9<\/strong> sur une th\u00e9matique de votre choix.<\/p>\n\n\n<hr class=\"separator separator--center separator--line has-white-separator-color separator--thickness-1 separator--md\"\/>\n\n<hr class=\"separator separator--center separator--line has-white-separator-color separator--thickness-1 separator--md\"\/>\n\n\n<p class=\"has-medium-font-size\">Quelques <strong>exemples de th\u00e9matiques d\u00e9velopp\u00e9es en intra-entreprise ou sur mesure<\/strong> pour nos clients  : <\/p>\n\n\n\n<div class=\"has-3-columns wp-block-columns\">\n<div class=\" wp-block-column\">\n<p class=\"has-medium-font-size\">Les fondamentaux de la conformit\u00e9<\/p>\n\n\n\n<p class=\"has-medium-font-size\">Les fondamentaux de l\u2019assurance IARD<\/p>\n\n\n\n<p class=\"has-medium-font-size\">Sensibilisation \u00e0 la LCB-FT <br>(parcours e-learning)<\/p>\n\n\n\n<p class=\"has-medium-font-size\">RGPD dans l\u2019assurance<\/p>\n\n\n\n<p class=\"has-medium-font-size\">Le responsable conformit\u00e9 et la menace cyber<\/p>\n<\/div>\n\n\n\n<div class=\" wp-block-column\">\n<p class=\"has-medium-font-size\">Actualit\u00e9s \u00e9conomiques et juridiques de l&rsquo;assurance vie<\/p>\n\n\n\n<p class=\"has-medium-font-size\">R\u00e9forme du courtage<\/p>\n\n\n\n<p class=\"has-medium-font-size\">R\u00e9gimes de retraite des agents publics&nbsp;<\/p>\n\n\n\n<p class=\"has-medium-font-size\">Tableaux de bord de la gestion de sinistres<\/p>\n\n\n\n<p class=\"has-medium-font-size\">Optimisation de la gestion des sinistres<\/p>\n\n\n\n<p class=\"has-medium-font-size\">Conventions IRSA &amp; IRCA<\/p>\n<\/div>\n\n\n\n<div class=\" wp-block-column\">\n<p class=\"has-medium-font-size\">M\u00e9thodes de vente des commerciaux<\/p>\n\n\n\n<p class=\"has-medium-font-size\">Formation des administrateurs<\/p>\n\n\n\n<p class=\"has-medium-font-size\">D\u00e9velopper et am\u00e9liorer la satisfaction et fid\u00e9liser ses clients dans l&rsquo;assurance<\/p>\n\n\n\n<p class=\"has-medium-font-size\">Comprendre les m\u00e9tiers, processus et missions du marketing dans l\u2019assurance<\/p>\n\n\n\n<p class=\"has-medium-font-size\">Enjeux des nouveaux canaux de communication<\/p>\n<\/div>\n<\/div>\n\n\n<hr class=\"separator separator--center separator--line has-white-separator-color separator--thickness-1 separator--md\"\/>\n\n\n<h4 class=\"has-text-align-center has-color-4-color has-text-color\"><strong>Ils nous font confiance :<\/strong><\/h4>\n\n\n<hr class=\"separator separator--center separator--line has-white-separator-color separator--thickness-1 separator--md\"\/>\n\n<div class=\"logos\">\n\n<figure class=\"wp-block-image size-large\"><img loading=\"lazy\" width=\"177\" height=\"163\" src=\"https:\/\/evenements.infopro-digital.com\/argus\/actu-formations\/\/app\/uploads\/2022\/06\/logo-CFDP.jpg\" alt=\"\" class=\"wp-image-457\" \/><\/figure>\n\n\n\n<figure class=\"wp-block-image size-large\"><img loading=\"lazy\" width=\"363\" height=\"139\" src=\"https:\/\/evenements.infopro-digital.com\/argus\/actu-formations\/\/app\/uploads\/2022\/06\/logo-Harmonie-Mutuelle.png\" alt=\"\" class=\"wp-image-458\" srcset=\"https:\/\/evenements.infopro-digital.com\/argus\/actu-formations\/\/app\/uploads\/2022\/06\/logo-Harmonie-Mutuelle.png 363w, https:\/\/evenements.infopro-digital.com\/argus\/actu-formations\/\/app\/uploads\/2022\/06\/logo-Harmonie-Mutuelle-300x115.png 300w\" sizes=\"(max-width: 363px) 100vw, 363px\" \/><\/figure>\n\n\n\n<figure class=\"wp-block-image size-large\"><img loading=\"lazy\" width=\"1024\" height=\"758\" src=\"https:\/\/evenements.infopro-digital.com\/argus\/actu-formations\/\/app\/uploads\/2022\/06\/mgefi_logo_png_0-1024x758.png\" alt=\"\" class=\"wp-image-459\" srcset=\"https:\/\/evenements.infopro-digital.com\/argus\/actu-formations\/\/app\/uploads\/2022\/06\/mgefi_logo_png_0-1024x758.png 1024w, https:\/\/evenements.infopro-digital.com\/argus\/actu-formations\/\/app\/uploads\/2022\/06\/mgefi_logo_png_0-300x222.png 300w, https:\/\/evenements.infopro-digital.com\/argus\/actu-formations\/\/app\/uploads\/2022\/06\/mgefi_logo_png_0-768x568.png 768w, https:\/\/evenements.infopro-digital.com\/argus\/actu-formations\/\/app\/uploads\/2022\/06\/mgefi_logo_png_0-800x592.png 800w, https:\/\/evenements.infopro-digital.com\/argus\/actu-formations\/\/app\/uploads\/2022\/06\/mgefi_logo_png_0-400x296.png 400w, https:\/\/evenements.infopro-digital.com\/argus\/actu-formations\/\/app\/uploads\/2022\/06\/mgefi_logo_png_0.png 1200w\" sizes=\"(max-width: 1024px) 100vw, 1024px\" \/><\/figure>\n\n<\/div>\n\n<section style=\"\" class=\"media-text       media-text--img-40  media-text--content-align-vertical-middle media-text--media-align-vertical-middle has-background has-color-2-background-color  media-text--img-cover\" ><div class=\"centrage media-text__layout\"><figure class=\"media-text__media\" style=\"background-image: url(https:\/\/evenements.infopro-digital.com\/argus\/actu-formations\/\/app\/uploads\/2022\/05\/Formations-intra-entreprises-et-sur-mesure.png); background-position: 83% 28.000000000000004%; \"><img loading=\"lazy\" src=\"https:\/\/evenements.infopro-digital.com\/argus\/actu-formations\/\/app\/uploads\/2022\/05\/Formations-intra-entreprises-et-sur-mesure.png\" width=\"1000\" height=\"700\" alt=\"\" style=\"\" \/><\/figure><div class=\"media-text__content\">\n\n<p class=\"has-text-align-center has-white-color has-text-color has-large-font-size\"><strong>Vous \u00eates int\u00e9ress\u00e9(e) par l&rsquo;organisation d&rsquo;une formation intra-entreprise ? <br>Parlons-en !<\/strong><\/p>\n\n\n\n<p class=\"has-text-align-center has-medium-font-size\">Contactez-nous par t\u00e9l\u00e9phone au 01 70 72 25 83 <br>ou  par e-mail en remplissant le formulaire suivant :<\/p>\n\n\n<div class=\"bttn-align-center\"><a href=\"https:\/\/evenements.infopro-digital.com\/argus\/contact\/context\/6?xtor=AD-603\" target=\"_blank\" class=\"bttn is-style-default bttn--icon-left bttn--icon has-color-1-bttn-color bttn--big\"><span class=\"bttn__cont-label-icon\"><svg role=\"img\" aria-hidden=\"true\" viewBox=\"0 0 16 16\"><use href=\"#icon-double-fleche-droite\" class=\"icon__unicolor\" \/><\/svg><span class=\"bttn__label\"> Soumettre un projet intra ou sur mesure<\/span><\/span><\/a><\/div>\n<\/div><\/div><\/section>\n\n\n<p><\/p>\n\n<\/div><\/div>","protected":false},"excerpt":{"rendered":"","protected":false},"author":2,"featured_media":0,"parent":0,"menu_order":0,"comment_status":"closed","ping_status":"closed","template":"","meta":[],"yoast_head":"<!-- This site is optimized with the Yoast SEO plugin v18.9 - https:\/\/yoast.com\/wordpress\/plugins\/seo\/ -->\n<title>Formations intra-entreprises et sur mesure - Formation argus<\/title>\n<meta name=\"robots\" content=\"index, follow, max-snippet:-1, max-image-preview:large, max-video-preview:-1\" \/>\n<link rel=\"canonical\" href=\"https:\/\/evenements.infopro-digital.com\/argus\/actu-formations\/intra-entreprise-et-sur-mesure\/\" \/>\n<meta property=\"og:locale\" content=\"fr_FR\" \/>\n<meta property=\"og:type\" content=\"article\" \/>\n<meta property=\"og:title\" content=\"Formations intra-entreprises et sur mesure - Formation argus\" \/>\n<meta property=\"og:url\" content=\"https:\/\/evenements.infopro-digital.com\/argus\/actu-formations\/intra-entreprise-et-sur-mesure\/\" \/>\n<meta property=\"og:site_name\" content=\"Formation argus\" \/>\n<meta property=\"article:modified_time\" content=\"2026-03-12T13:46:20+00:00\" \/>\n<meta property=\"og:image\" content=\"https:\/\/evenements.infopro-digital.com\/argus\/actu-formations\/\/app\/uploads\/2022\/06\/logo-CFDP.jpg\" \/>\n<meta name=\"twitter:card\" content=\"summary_large_image\" \/>\n<meta name=\"twitter:label1\" content=\"Est. reading time\" \/>\n\t<meta name=\"twitter:data1\" content=\"2 minutes\" \/>\n<script type=\"application\/ld+json\" class=\"yoast-schema-graph\">{\"@context\":\"https:\/\/schema.org\",\"@graph\":[{\"@type\":\"WebSite\",\"@id\":\"https:\/\/evenements.infopro-digital.com\/argus\/actu-formations\/#website\",\"url\":\"https:\/\/evenements.infopro-digital.com\/argus\/actu-formations\/\",\"name\":\"Formation argus\",\"description\":\"Un site utilisant WordPress\",\"potentialAction\":[{\"@type\":\"SearchAction\",\"target\":{\"@type\":\"EntryPoint\",\"urlTemplate\":\"https:\/\/evenements.infopro-digital.com\/argus\/actu-formations\/?s={search_term_string}\"},\"query-input\":\"required name=search_term_string\"}],\"inLanguage\":\"fr-FR\"},{\"@type\":\"ImageObject\",\"inLanguage\":\"fr-FR\",\"@id\":\"https:\/\/evenements.infopro-digital.com\/argus\/actu-formations\/intra-entreprise-et-sur-mesure\/#primaryimage\",\"url\":\"https:\/\/evenements.infopro-digital.com\/argus\/actu-formations\/\/app\/uploads\/2022\/06\/logo-CFDP.jpg\",\"contentUrl\":\"https:\/\/evenements.infopro-digital.com\/argus\/actu-formations\/\/app\/uploads\/2022\/06\/logo-CFDP.jpg\",\"width\":177,\"height\":163},{\"@type\":\"WebPage\",\"@id\":\"https:\/\/evenements.infopro-digital.com\/argus\/actu-formations\/intra-entreprise-et-sur-mesure\/#webpage\",\"url\":\"https:\/\/evenements.infopro-digital.com\/argus\/actu-formations\/intra-entreprise-et-sur-mesure\/\",\"name\":\"Formations intra-entreprises et sur mesure - Formation argus\",\"isPartOf\":{\"@id\":\"https:\/\/evenements.infopro-digital.com\/argus\/actu-formations\/#website\"},\"primaryImageOfPage\":{\"@id\":\"https:\/\/evenements.infopro-digital.com\/argus\/actu-formations\/intra-entreprise-et-sur-mesure\/#primaryimage\"},\"datePublished\":\"2022-04-12T07:38:53+00:00\",\"dateModified\":\"2026-03-12T13:46:20+00:00\",\"breadcrumb\":{\"@id\":\"https:\/\/evenements.infopro-digital.com\/argus\/actu-formations\/intra-entreprise-et-sur-mesure\/#breadcrumb\"},\"inLanguage\":\"fr-FR\",\"potentialAction\":[{\"@type\":\"ReadAction\",\"target\":[\"https:\/\/evenements.infopro-digital.com\/argus\/actu-formations\/intra-entreprise-et-sur-mesure\/\"]}]},{\"@type\":\"BreadcrumbList\",\"@id\":\"https:\/\/evenements.infopro-digital.com\/argus\/actu-formations\/intra-entreprise-et-sur-mesure\/#breadcrumb\",\"itemListElement\":[{\"@type\":\"ListItem\",\"position\":1,\"name\":\"Accueil\",\"item\":\"https:\/\/evenements.infopro-digital.com\/argus\/actu-formations\/\"},{\"@type\":\"ListItem\",\"position\":2,\"name\":\"Formations intra-entreprises et sur mesure\"}]}]}<\/script>\n<!-- \/ Yoast SEO plugin. -->","yoast_head_json":{"title":"Formations intra-entreprises et sur mesure - Formation argus","robots":{"index":"index","follow":"follow","max-snippet":"max-snippet:-1","max-image-preview":"max-image-preview:large","max-video-preview":"max-video-preview:-1"},"canonical":"https:\/\/evenements.infopro-digital.com\/argus\/actu-formations\/intra-entreprise-et-sur-mesure\/","og_locale":"fr_FR","og_type":"article","og_title":"Formations intra-entreprises et sur mesure - Formation argus","og_url":"https:\/\/evenements.infopro-digital.com\/argus\/actu-formations\/intra-entreprise-et-sur-mesure\/","og_site_name":"Formation argus","article_modified_time":"2026-03-12T13:46:20+00:00","og_image":[{"url":"https:\/\/evenements.infopro-digital.com\/argus\/actu-formations\/\/app\/uploads\/2022\/06\/logo-CFDP.jpg"}],"twitter_card":"summary_large_image","twitter_misc":{"Est. reading time":"2 minutes"},"schema":{"@context":"https:\/\/schema.org","@graph":[{"@type":"WebSite","@id":"https:\/\/evenements.infopro-digital.com\/argus\/actu-formations\/#website","url":"https:\/\/evenements.infopro-digital.com\/argus\/actu-formations\/","name":"Formation argus","description":"Un site utilisant WordPress","potentialAction":[{"@type":"SearchAction","target":{"@type":"EntryPoint","urlTemplate":"https:\/\/evenements.infopro-digital.com\/argus\/actu-formations\/?s={search_term_string}"},"query-input":"required name=search_term_string"}],"inLanguage":"fr-FR"},{"@type":"ImageObject","inLanguage":"fr-FR","@id":"https:\/\/evenements.infopro-digital.com\/argus\/actu-formations\/intra-entreprise-et-sur-mesure\/#primaryimage","url":"https:\/\/evenements.infopro-digital.com\/argus\/actu-formations\/\/app\/uploads\/2022\/06\/logo-CFDP.jpg","contentUrl":"https:\/\/evenements.infopro-digital.com\/argus\/actu-formations\/\/app\/uploads\/2022\/06\/logo-CFDP.jpg","width":177,"height":163},{"@type":"WebPage","@id":"https:\/\/evenements.infopro-digital.com\/argus\/actu-formations\/intra-entreprise-et-sur-mesure\/#webpage","url":"https:\/\/evenements.infopro-digital.com\/argus\/actu-formations\/intra-entreprise-et-sur-mesure\/","name":"Formations intra-entreprises et sur mesure - Formation argus","isPartOf":{"@id":"https:\/\/evenements.infopro-digital.com\/argus\/actu-formations\/#website"},"primaryImageOfPage":{"@id":"https:\/\/evenements.infopro-digital.com\/argus\/actu-formations\/intra-entreprise-et-sur-mesure\/#primaryimage"},"datePublished":"2022-04-12T07:38:53+00:00","dateModified":"2026-03-12T13:46:20+00:00","breadcrumb":{"@id":"https:\/\/evenements.infopro-digital.com\/argus\/actu-formations\/intra-entreprise-et-sur-mesure\/#breadcrumb"},"inLanguage":"fr-FR","potentialAction":[{"@type":"ReadAction","target":["https:\/\/evenements.infopro-digital.com\/argus\/actu-formations\/intra-entreprise-et-sur-mesure\/"]}]},{"@type":"BreadcrumbList","@id":"https:\/\/evenements.infopro-digital.com\/argus\/actu-formations\/intra-entreprise-et-sur-mesure\/#breadcrumb","itemListElement":[{"@type":"ListItem","position":1,"name":"Accueil","item":"https:\/\/evenements.infopro-digital.com\/argus\/actu-formations\/"},{"@type":"ListItem","position":2,"name":"Formations intra-entreprises et sur mesure"}]}]}},"_links":{"self":[{"href":"https:\/\/evenements.infopro-digital.com\/argus\/actu-formations\/wp-json\/wp\/v2\/pages\/238"}],"collection":[{"href":"https:\/\/evenements.infopro-digital.com\/argus\/actu-formations\/wp-json\/wp\/v2\/pages"}],"about":[{"href":"https:\/\/evenements.infopro-digital.com\/argus\/actu-formations\/wp-json\/wp\/v2\/types\/page"}],"author":[{"embeddable":true,"href":"https:\/\/evenements.infopro-digital.com\/argus\/actu-formations\/wp-json\/wp\/v2\/users\/2"}],"replies":[{"embeddable":true,"href":"https:\/\/evenements.infopro-digital.com\/argus\/actu-formations\/wp-json\/wp\/v2\/comments?post=238"}],"version-history":[{"count":23,"href":"https:\/\/evenements.infopro-digital.com\/argus\/actu-formations\/wp-json\/wp\/v2\/pages\/238\/revisions"}],"predecessor-version":[{"id":957,"href":"https:\/\/evenements.infopro-digital.com\/argus\/actu-formations\/wp-json\/wp\/v2\/pages\/238\/revisions\/957"}],"wp:attachment":[{"href":"https:\/\/evenements.infopro-digital.com\/argus\/actu-formations\/wp-json\/wp\/v2\/media?parent=238"}],"curies":[{"name":"wp","href":"https:\/\/api.w.org\/{rel}","templated":true}]}}